172.21.10.0 - - [22/May/2006:13:26:33 +0200] "GET /b2i/gestion/classes_liste.php?action=classes_form&statut=Prof HTTP/1.1" 200 791 "http://intranet/b2i/gestion/result_classes_gest.php?id=4&statut=Prof" "Mozilla/5.0 (Windows; U; Windows NT 5.0; fr; rv:1.8.0.3) Gecko/20060426 Firefox/1.5.0.3"
172.21.10.0 - - [22/May/2006:13:26:35 +0200] "GET /b2i/prof/choix_item.php?id=4&statut=Prof HTTP/1.1" 200 13577 "http://intranet/b2i/prof/prof_haut.php" "Mozilla/5.0 (Windows; U; Windows NT 5.0; fr; rv:1.8.0.3) Gecko/20060426 Firefox/1.5.0.3"
172.21.10.0 - - [22/May/2006:13:26:38 +0200] "GET /b2i/gestion/gest_etats_eleves.php?statut=Prof&id=4 HTTP/1.1" 200 791 "http://intranet/b2i/prof/prof_haut.php" "Mozilla/5.0 (Windows; U; Windows NT 5.0; fr; rv:1.8.0.3) Gecko/20060426 Firefox/1.5.0.3"
172.21.10.0 - - [22/May/2006:13:26:38 +0200] "GET /b2i/gestion/gest_eleve_items.php?statut=Prof HTTP/1.1" 200 282 "http://intranet/b2i/gestion/gest_etats_eleves.php?statut=Prof&id=4" "Mozilla/5.0 (Windows; U; Windows NT 5.0; fr; rv:1.8.0.3) Gecko/20060426 Firefox/1.5.0.3"
172.21.10.0 - - [22/May/2006:13:26:38 +0200] "GET /b2i/gestion/eleves_liste.php?statut=Prof HTTP/1.1" 200 7564 "http://intranet/b2i/gestion/gest_etats_eleves.php?statut=Prof&id=4" "Mozilla/5.0 (Windows; U; Windows NT 5.0; fr; rv:1.8.0.3) Gecko/20060426 Firefox/1.5.0.3"
172.21.10.0 - - [22/May/2006:13:26:44 +0200] "GET /b2i/gestion/gest_eleve_items.php?statut=Prof&eleve_id=33 HTTP/1.1" 200 11673 "http://intranet/b2i/gestion/eleves_liste.php?statut=Prof" "Mozilla/5.0 (Windows; U; Windows NT 5.0; fr; rv:1.8.0.3) Gecko/20060426 Firefox/1.5.0.3"
172.21.10.0 - - [22/May/2006:13:26:44 +0200] "GET /b2i/themes/creteil/pdf.gif HTTP/1.1" 200 2184 "http://intranet/b2i/gestion/gest_eleve_items.php?statut=Prof&eleve_id=33" "Mozilla/5.0 (Windows; U; Windows NT 5.0; fr; rv:1.8.0.3) Gecko/20060426 Firefox/1.5.0.3"
172.21.10.0 - - [22/May/2006:13:26:53 +0200] "GET /b2i/admin/profs_form.php?id=4&statut=Prof HTTP/1.1" 200 6154 "http://intranet/b2i/prof/prof_haut.php" "Mozilla/5.0 (Windows; U; Windows NT 5.0; fr; rv:1.8.0.3) Gecko/20060426 Firefox/1.5.0.3"
172.21.10.0 - - [22/May/2006:13:27:23 +0200] "GET /b2i/prof/prof_ut.php HTTP/1.1" 200 700 "http://intranet/b2i/prof/prof_haut.php" "Mozilla/5.0 (Windows; U; Windows NT 5.0; fr; rv:1.8.0.3) Gecko/20060426 Firefox/1.5.0.3"
172.21.10.0 - - [22/May/2006:13:27:24 +0200] "GET /b2i/prof/prof_haut.php HTTP/1.1" 200 2621 "http://intranet/b2i/prof/prof_ut.php" "Mozilla/5.0 (Windows; U; Windows NT 5.0; fr; rv:1.8.0.3) Gecko/20060426 Firefox/1.5.0.3"
172.21.10.0 - - [22/May/2006:13:27:24 +0200] "GET /b2i/prof/prof_bas.php HTTP/1.1" 200 4968 "http://intranet/b2i/prof/prof_ut.php" "Mozilla/5.0 (Windows; U; Windows NT 5.0; fr; rv:1.8.0.3) Gecko/20060426 Firefox/1.5.0.3"
172.21.10.0 - - [22/May/2006:13:27:50 +0200] "POST /b2i/login/login.php?etab_id=93083498 HTTP/1.1" 200 3542 "http://intranet/b2i/prof/prof_haut.php" "Mozilla/5.0 (Windows; U; Windows NT 5.0; fr; rv:1.8.0.3) Gecko/20060426 Firefox/1.5.0.3"
172.19.10.1 - - [22/May/2006:13:29:22 +0200] "GET / HTTP/1.1" 200 2038 "-" "Mozilla/4.0 (compatible; MSIE 6.0; Windows NT 5.1; SV1; .NET CLR 1.1.4322)"
172.19.10.1 - - [22/May/2006:13:29:22 +0200] "GET /intranet.css HTTP/1.1" 304 - "http://intranet/" "Mozilla/4.0 (compatible; MSIE 6.0; Windows NT 5.1; SV1; .NET CLR 1.1.4322)"
172.19.10.1 - - [22/May/2006:13:29:22 +0200] "GET /images/ok.gif HTTP/1.1" 304 - "http://intranet/" "Mozilla/4.0 (compatible; MSIE 6.0; Windows NT 5.1; SV1; .NET CLR 1.1.4322)"
172.19.10.1 - - [22/May/2006:13:29:22 +0200] "GET /images/fond.jpg HTTP/1.1" 304 - "http://intranet/" "Mozilla/4.0 (compatible; MSIE 6.0; Windows NT 5.1; SV1; .NET CLR 1.1.4322)"
172.21.10.196 - - [22/May/2006:13:29:44 +0200] "POST /ocsinventory HTTP/1.1" 200 83 "-" "OCS-NG_windows_client_v4010"
172.21.10.196 - - [22/May/2006:13:29:44 +0200] "POST /ocsinventory HTTP/1.1" 200 88 "-" "OCS-NG_windows_client_v4010"
172.18.10.18 - - [22/May/2006:13:29:46 +0200] "GET / HTTP/1.1" 200 2038 "-" "Mozilla/4.0 (compatible; MSIE 6.0; Windows NT 5.1; SV1; .NET CLR 1.1.4322)"
172.18.10.18 - - [22/May/2006:13:29:46 +0200] "GET /intranet.css HTTP/1.1" 304 - "http://intranet/" "Mozilla/4.0 (compatible; MSIE 6.0; Windows NT 5.1; SV1; .NET CLR 1.1.4322)"
172.18.10.18 - - [22/May/2006:13:29:46 +0200] "GET /images/ok.gif HTTP/1.1" 304 - "http://intranet/" "Mozilla/4.0 (compatible; MSIE 6.0; Windows NT 5.1; SV1; .NET CLR 1.1.4322)"
172.18.10.18 - - [22/May/2006:13:29:46 +0200] "GET /images/fond.jpg HTTP/1.1" 304 - "http://intranet/" "Mozilla/4.0 (compatible; MSIE 6.0; Windows NT 5.1; SV1; .NET CLR 1.1.4322)"
172.18.10.18 - - [22/May/2006:13:29:48 +0200] "GET /images/guill_rouge.png HTTP/1.1" 304 - "http://intranet/" "Mozilla/4.0 (compatible; MSIE 6.0; Windows NT 5.1; SV1; .NET CLR 1.1.4322)"
172.20.10.4 - - [22/May/2006:13:29:51 +0200] "GET / HTTP/1.1" 200 2038 "-" "Mozilla/4.0 (compatible; MSIE 5.01; Windows NT 5.0; Sgrunt|V109|1168|S807950477|dialno; Hotbar 4.6.1)"
172.20.10.4 - - [22/May/2006:13:29:51 +0200] "GET /intranet.css HTTP/1.1" 200 4320 "http://intranet/" "Mozilla/4.0 (compatible; MSIE 5.01; Windows NT 5.0; Sgrunt|V109|1168|S807950477|dialno; Hotbar 4.6.1)"
172.20.10.4 - - [22/May/2006:13:29:51 +0200] "GET /images/ok.gif HTTP/1.1" 200 476 "http://intranet/" "Mozilla/4.0 (compatible; MSIE 5.01; Windows NT 5.0; Sgrunt|V109|1168|S807950477|dialno; Hotbar 4.6.1)"
172.20.10.4 - - [22/May/2006:13:29:51 +0200] "GET /images/fond.jpg HTTP/1.1" 200 51310 "http://intranet/" "Mozilla/4.0 (compatible; MSIE 5.01; Windows NT 5.0; Sgrunt|V109|1168|S807950477|dialno; Hotbar 4.6.1)"
172.20.10.4 - - [22/May/2006:13:30:18 +0200] "GET /images/guill_rouge.png HTTP/1.1" 200 955 "http://intranet/" "Mozilla/4.0 (compatible; MSIE 5.01; Windows NT 5.0; Sgrunt|V109|1168|S807950477|dialno; Hotbar 4.6.1)"
172.21.102.4 - - [22/May/2006:13:31:43 +0200] "POST /ocsinventory HTTP/1.1" 200 83 "-" "OCS-NG_windows_client_v4010"
172.21.102.4 - - [22/May/2006:13:31:43 +0200] "POST /ocsinventory HTTP/1.1" 200 88 "-" "OCS-NG_windows_client_v4010"
172.21.10.173 - - [22/May/2006:13:32:57 +0200] "POST /ocsinventory HTTP/1.1" 200 83 "-" "OCS-NG_windows_client_v4010"
172.21.10.173 - - [22/May/2006:13:33:18 +0200] "POST /ocsinventory HTTP/1.1" 200 93 "-" "OCS-NG_windows_client_v4010"
172.21.10.173 - - [22/May/2006:13:33:18 +0200] "POST /ocsinventory HTTP/1.1" 200 88 "-" "OCS-NG_windows_client_v4010"
172.21.10.173 - - [22/May/2006:13:33:45 +0200] "GET / HTTP/1.1" 200 2038 "-" "Mozilla/5.0 (Windows; U; Windows NT 5.0; fr-FR; rv:1.7.12) Gecko/20050919 Firefox/1.0.7"
172.21.10.173 - - [22/May/2006:13:33:45 +0200] "GET /intranet.css HTTP/1.1" 304 - "http://intranet/" "Mozilla/5.0 (Windows; U; Windows NT 5.0; fr-FR; rv:1.7.12) Gecko/20050919 Firefox/1.0.7"
172.21.10.173 - - [22/May/2006:13:33:55 +0200] "GET / HTTP/1.1" 200 2038 "-" "Mozilla/4.0 (compatible; MSIE 6.0; Windows NT 5.0; .NET CLR 1.1.4322)"
172.21.10.173 - - [22/May/2006:13:33:55 +0200] "GET /intranet.css HTTP/1.1" 304 - "http://intranet/" "Mozilla/4.0 (compatible; MSIE 6.0; Windows NT 5.0; .NET CLR 1.1.4322)"
172.19.10.20 - - [22/May/2006:13:35:18 +0200] "GET / HTTP/1.1" 200 2038 "-" "Mozilla/4.0 (compatible; MSIE 6.0; Windows NT 5.0)"
172.19.10.20 - - [22/May/2006:13:35:31 +0200] "GET /intranet.css HTTP/1.1" 304 - "http://intranet/" "Mozilla/4.0 (compatible; MSIE 6.0; Windows NT 5.0)"
172.19.10.20 - - [22/May/2006:13:35:33 +0200] "GET /images/fond.jpg HTTP/1.1" 304 - "http://intranet/" "Mozilla/4.0 (compatible; MSIE 6.0; Windows NT 5.0)"
172.19.10.20 - - [22/May/2006:13:35:41 +0200] "GET /images/ok.gif HTTP/1.1" 304 - "http://intranet/" "Mozilla/4.0 (compatible; MSIE 6.0; Windows NT 5.0)"
172.19.10.20 - - [22/May/2006:13:35:49 +0200] "GET /images/guill_rouge.png HTTP/1.1" 304 - "http://intranet/" "Mozilla/4.0 (compatible; MSIE 6.0; Windows NT 5.0)"
172.21.10.167 - - [22/May/2006:13:40:49 +0200] "POST /ocsinventory HTTP/1.1" 200 83 "-" "OCS-NG_windows_client_v4010"
172.19.10.1 - - [22/May/2006:13:41:08 +0200] "POST /ocsinventory HTTP/1.1" 200 83 "-" "OCS-NG_windows_client_v4010"
172.19.10.1 - - [22/May/2006:13:41:08 +0200] "POST /ocsinventory HTTP/1.1" 200 88 "-" "OCS-NG_windows_client_v4010"
172.19.10.1 - - [22/May/2006:13:41:14 +0200] "GET / HTTP/1.1" 200 2038 "-" "Mozilla/4.0 (compatible; MSIE 6.0; Windows NT 5.1; SV1; .NET CLR 1.1.4322)"
172.19.10.1 - - [22/May/2006:13:41:14 +0200] "GET /intranet.css HTTP/1.1" 200 4320 "http://intranet/" "Mozilla/4.0 (compatible; MSIE 6.0; Windows NT 5.1; SV1; .NET CLR 1.1.4322)"
172.19.10.1 - - [22/May/2006:13:41:14 +0200] "GET /images/ok.gif HTTP/1.1" 200 476 "http://intranet/" "Mozilla/4.0 (compatible; MSIE 6.0; Windows NT 5.1; SV1; .NET CLR 1.1.4322)"
172.19.10.1 - - [22/May/2006:13:41:14 +0200] "GET /images/fond.jpg HTTP/1.1" 200 51310 "http://intranet/" "Mozilla/4.0 (compatible; MSIE 6.0; Windows NT 5.1; SV1; .NET CLR 1.1.4322)"
172.21.10.167 - - [22/May/2006:13:41:18 +0200] "POST /ocsinventory HTTP/1.1" 200 93 "-" "OCS-NG_windows_client_v4010"
172.21.10.167 - - [22/May/2006:13:41:18 +0200] "POST /ocsinventory HTTP/1.1" 200 88 "-" "OCS-NG_windows_client_v4010"
172.21.10.166 - - [22/May/2006:13:43:55 +0200] "POST /ocsinventory HTTP/1.1" 200 83 "-" "OCS-NG_windows_client_v4010"
172.21.10.166 - - [22/May/2006:13:43:58 +0200] "POST /ocsinventory HTTP/1.1" 200 93 "-" "OCS-NG_windows_client_v4010"
172.21.10.166 - - [22/May/2006:13:43:58 +0200] "POST /ocsinventory HTTP/1.1" 200 88 "-" "OCS-NG_windows_client_v4010"
172.17.10.10 - - [22/May/2006:13:45:15 +0200] "POST /ocsinventory HTTP/1.1" 200 83 "-" "OCS-NG_windows_client_v4010"
172.17.10.10 - - [22/May/2006:13:45:15 +0200] "POST /ocsinventory HTTP/1.1" 200 88 "-" "OCS-NG_windows_client_v4010"
172.17.10.4 - - [22/May/2006:13:45:33 +0200] "GET / HTTP/1.1" 200 2038 "-" "Mozilla/4.0 (compatible; MSIE 6.0; Windows NT 5.1; SV1)"
172.17.10.4 - - [22/May/2006:13:45:34 +0200] "GET /intranet.css HTTP/1.1" 304 - "http://intranet/" "Mozilla/4.0 (compatible; MSIE 6.0; Windows NT 5.1; SV1)"
172.16.0.1 - - [22/May/2006:13:49:41 +0200] "POST /ocsinventory HTTP/1.0" 200 83 "-" "OCS-NG_windows_client_v4010"
172.16.0.1 - - [22/May/2006:13:49:41 +0200] "POST /ocsinventory HTTP/1.0" 200 88 "-" "OCS-NG_windows_client_v4010"
172.20.10.12 - - [22/May/2006:13:49:47 +0200] "GET / HTTP/1.1" 200 2038 "-" "Mozilla/4.0 (compatible; MSIE 6.0; Windows NT 5.1; SV1)"
172.20.10.12 - - [22/May/2006:13:49:48 +0200] "GET /intranet.css HTTP/1.1" 200 4320 "http://intranet/" "Mozilla/4.0 (compatible; MSIE 6.0; Windows NT 5.1; SV1)"
172.20.10.12 - - [22/May/2006:13:49:48 +0200] "GET /images/ok.gif HTTP/1.1" 200 476 "http://intranet/" "Mozilla/4.0 (compatible; MSIE 6.0; Windows NT 5.1; SV1)"
172.20.10.12 - - [22/May/2006:13:49:48 +0200] "GET /images/fond.jpg HTTP/1.1" 200 51310 "http://intranet/" "Mozilla/4.0 (compatible; MSIE 6.0; Windows NT 5.1; SV1)"
172.20.10.12 - - [22/May/2006:13:50:03 +0200] "POST /ocsinventory HTTP/1.1" 200 83 "-" "OCS-NG_windows_client_v4010"
172.20.10.12 - - [22/May/2006:13:50:03 +0200] "POST /ocsinventory HTTP/1.1" 200 88 "-" "OCS-NG_windows_client_v4010"
172.21.10.13 - - [22/May/2006:13:51:05 +0200] "POST /ocsinventory HTTP/1.1" 200 83 "-" "OCS-NG_windows_client_v4010"
172.21.10.13 - - [22/May/2006:13:51:05 +0200] "POST /ocsinventory HTTP/1.1" 200 88 "-" "OCS-NG_windows_client_v4010"
172.17.10.9 - - [22/May/2006:13:51:37 +0200] "POST /ocsinventory HTTP/1.1" 200 83 "-" "OCS-NG_windows_client_v4010"
172.17.10.9 - - [22/May/2006:13:51:37 +0200] "POST /ocsinventory HTTP/1.1" 200 88 "-" "OCS-NG_windows_client_v4010"
172.21.10.65 - - [22/May/2006:13:52:12 +0200] "GET / HTTP/1.1" 200 2038 "-" "Mozilla/4.0 (compatible; MSIE 6.0; Windows NT 5.0; .NET CLR 1.1.4322)"
172.21.10.65 - - [22/May/2006:13:52:12 +0200] "GET /intranet.css HTTP/1.1" 304 - "http://intranet/" "Mozilla/4.0 (compatible; MSIE 6.0; Windows NT 5.0; .NET CLR 1.1.4322)"
172.21.10.65 - - [22/May/2006:13:52:12 +0200] "GET /images/ok.gif HTTP/1.1" 304 - "http://intranet/" "Mozilla/4.0 (compatible; MSIE 6.0; Windows NT 5.0; .NET CLR 1.1.4322)"
172.21.10.65 - - [22/May/2006:13:52:12 +0200] "GET /images/fond.jpg HTTP/1.1" 304 - "http://intranet/" "Mozilla/4.0 (compatible; MSIE 6.0; Windows NT 5.0; .NET CLR 1.1.4322)"
172.21.10.65 - - [22/May/2006:13:52:13 +0200] "GET /images/guill_rouge.png HTTP/1.1" 304 - "http://intranet/" "Mozilla/4.0 (compatible; MSIE 6.0; Windows NT 5.0; .NET CLR 1.1.4322)"
172.21.10.65 - - [22/May/2006:13:53:34 +0200] "GET / HTTP/1.1" 200 2038 "-" "Mozilla/4.0 (compatible; MSIE 6.0; Windows NT 5.0; .NET CLR 1.1.4322)"
172.21.10.65 - - [22/May/2006:13:53:34 +0200] "GET /intranet.css HTTP/1.1" 304 - "http://intranet/" "Mozilla/4.0 (compatible; MSIE 6.0; Windows NT 5.0; .NET CLR 1.1.4322)"
172.21.10.65 - - [22/May/2006:13:53:34 +0200] "GET /images/ok.gif HTTP/1.1" 304 - "http://intranet/" "Mozilla/4.0 (compatible; MSIE 6.0; Windows NT 5.0; .NET CLR 1.1.4322)"
172.21.10.65 - - [22/May/2006:13:53:34 +0200] "GET /images/fond.jpg HTTP/1.1" 304 - "http://intranet/" "Mozilla/4.0 (compatible; MSIE 6.0; Windows NT 5.0; .NET CLR 1.1.4322)"
172.21.10.65 - - [22/May/2006:13:53:34 +0200] "GET /images/guill_rouge.png HTTP/1.1" 304 - "http://intranet/" "Mozilla/4.0 (compatible; MSIE 6.0; Windows NT 5.0; .NET CLR 1.1.4322)"
172.19.10.15 - - [22/May/2006:13:53:43 +0200] "GET / HTTP/1.1" 200 2038 "-" "Mozilla/4.0 (compatible; MSIE 6.0; Windows NT 5.1; SV1)"
172.19.10.15 - - [22/May/2006:13:53:43 +0200] "GET /intranet.css HTTP/1.1" 200 4320 "http://intranet/" "Mozilla/4.0 (compatible; MSIE 6.0; Windows NT 5.1; SV1)"
172.19.10.15 - - [22/May/2006:13:53:43 +0200] "GET /images/ok.gif HTTP/1.1" 304 - "http://intranet/" "Mozilla/4.0 (compatible; MSIE 6.0; Windows NT 5.1; SV1)"
172.19.10.15 - - [22/May/2006:13:53:43 +0200] "GET /images/fond.jpg HTTP/1.1" 304 - "http://intranet/" "Mozilla/4.0 (compatible; MSIE 6.0; Windows NT 5.1; SV1)"
172.19.10.105 - - [22/May/2006:13:54:50 +0200] "GET / HTTP/1.1" 200 2038 "-" "Mozilla/5.0 (Windows; U; Windows NT 5.1; fr; rv:1.8.0.1) Gecko/20060111 Firefox/1.5.0.1"
172.19.10.105 - - [22/May/2006:13:54:50 +0200] "GET /intranet.css HTTP/1.1" 304 - "http://intranet/" "Mozilla/5.0 (Windows; U; Windows NT 5.1; fr; rv:1.8.0.1) Gecko/20060111 Firefox/1.5.0.1"
172.17.10.5 - - [22/May/2006:13:54:54 +0200] "GET / HTTP/1.1" 200 2038 "-" "Mozilla/4.0 (compatible; MSIE 6.0; Windows NT 5.1; SV1)"
172.17.10.5 - - [22/May/2006:13:54:54 +0200] "GET /intranet.css HTTP/1.1" 200 4320 "http://intranet/" "Mozilla/4.0 (compatible; MSIE 6.0; Windows NT 5.1; SV1)"
172.17.10.5 - - [22/May/2006:13:54:54 +0200] "GET /images/ok.gif HTTP/1.1" 200 476 "http://intranet/" "Mozilla/4.0 (compatible; MSIE 6.0; Windows NT 5.1; SV1)"
172.17.10.5 - - [22/May/2006:13:54:55 +0200] "GET /images/fond.jpg HTTP/1.1" 200 51310 "http://intranet/" "Mozilla/4.0 (compatible; MSIE 6.0; Windows NT 5.1; SV1)"
172.17.10.5 - - [22/May/2006:13:55:00 +0200] "GET /images/guill_rouge.png HTTP/1.1" 200 955 "http://intranet/" "Mozilla/4.0 (compatible; MSIE 6.0; Windows NT 5.1; SV1)"
172.19.10.51 - - [22/May/2006:13:55:47 +0200] "GET / HTTP/1.1" 200 2038 "-" "Mozilla/4.0 (compatible; MSIE 6.0; Windows NT 5.1; SV1)"
172.19.10.51 - - [22/May/2006:13:55:47 +0200] "GET /intranet.css HTTP/1.1" 304 - "http://intranet/" "Mozilla/4.0 (compatible; MSIE 6.0; Windows NT 5.1; SV1)"
172.19.10.51 - - [22/May/2006:13:55:47 +0200] "GET /images/ok.gif HTTP/1.1" 304 - "http://intranet/" "Mozilla/4.0 (compatible; MSIE 6.0; Windows NT 5.1; SV1)"
172.19.10.51 - - [22/May/2006:13:55:47 +0200] "GET /images/fond.jpg HTTP/1.1" 304 - "http://intranet/" "Mozilla/4.0 (compatible; MSIE 6.0; Windows NT 5.1; SV1)"
172.19.10.51 - - [22/May/2006:13:55:56 +0200] "GET / HTTP/1.1" 200 2038 "-" "Mozilla/4.0 (compatible; MSIE 6.0; Windows NT 5.1; SV1)"
172.18.10.18 - - [22/May/2006:13:58:45 +0200] "GET / HTTP/1.1" 200 2038 "-" "Mozilla/4.0 (compatible; MSIE 6.0; Windows NT 5.1; SV1; .NET CLR 1.1.4322)"
172.18.10.18 - - [22/May/2006:13:58:45 +0200] "GET /intranet.css HTTP/1.1" 304 - "http://intranet/" "Mozilla/4.0 (compatible; MSIE 6.0; Windows NT 5.1; SV1; .NET CLR 1.1.4322)"
172.18.10.18 - - [22/May/2006:13:58:45 +0200] "GET /images/ok.gif HTTP/1.1" 304 - "http://intranet/" "Mozilla/4.0 (compatible; MSIE 6.0; Windows NT 5.1; SV1; .NET CLR 1.1.4322)"
172.18.10.18 - - [22/May/2006:13:58:45 +0200] "GET /images/fond.jpg HTTP/1.1" 304 - "http://intranet/" "Mozilla/4.0 (compatible; MSIE 6.0; Windows NT 5.1; SV1; .NET CLR 1.1.4322)"
172.19.10.49 - - [22/May/2006:13:58:45 +0200] "POST /ocsinventory HTTP/1.1" 200 83 "-" "OCS-NG_windows_client_v4010"
172.18.10.18 - - [22/May/2006:13:58:49 +0200] "GET /images/guill_rouge.png HTTP/1.1" 304 - "http://intranet/" "Mozilla/4.0 (compatible; MSIE 6.0; Windows NT 5.1; SV1; .NET CLR 1.1.4322)"
172.19.10.49 - - [22/May/2006:13:58:50 +0200] "POST /ocsinventory HTTP/1.1" 200 93 "-" "OCS-NG_windows_client_v4010"
172.19.10.49 - - [22/May/2006:13:58:50 +0200] "POST /ocsinventory HTTP/1.1" 200 88 "-" "OCS-NG_windows_client_v4010"
172.21.10.12 - - [22/May/2006:13:59:08 +0200] "POST /ocsinventory HTTP/1.1" 200 83 "-" "OCS-NG_windows_client_v4010"
172.21.10.12 - - [22/May/2006:13:59:08 +0200] "POST /ocsinventory HTTP/1.1" 200 88 "-" "OCS-NG_windows_client_v4010"
172.19.10.49 - - [22/May/2006:13:59:08 +0200] "GET / HTTP/1.1" 200 2038 "-" "Mozilla/4.0 (compatible; MSIE 6.0; Windows NT 5.1; SV1)"
172.19.10.49 - - [22/May/2006:13:59:08 +0200] "GET /intranet.css HTTP/1.1" 200 4320 "http://intranet/" "Mozilla/4.0 (compatible; MSIE 6.0; Windows NT 5.1; SV1)"
172.19.10.49 - - [22/May/2006:13:59:08 +0200] "GET /images/ok.gif HTTP/1.1" 200 476 "http://intranet/" "Mozilla/4.0 (compatible; MSIE 6.0; Windows NT 5.1; SV1)"
172.19.10.49 - - [22/May/2006:13:59:08 +0200] "GET /images/fond.jpg HTTP/1.1" 200 51310 "http://intranet/" "Mozilla/4.0 (compatible; MSIE 6.0; Windows NT 5.1; SV1)"
172.19.10.49 - - [22/May/2006:13:59:08 +0200] "GET /images/guill_rouge.png HTTP/1.1" 200 955 "http://intranet/" "Mozilla/4.0 (compatible; MSIE 6.0; Windows NT 5.1; SV1)"
172.19.10.49 - - [22/May/2006:14:00:27 +0200] "GET / HTTP/1.1" 200 2038 "-" "Mozilla/4.0 (compatible; MSIE 6.0; Windows NT 5.1; SV1)"
172.19.10.49 - - [22/May/2006:14:00:27 +0200] "GET /intranet.css HTTP/1.1" 304 - "http://intranet/" "Mozilla/4.0 (compatible; MSIE 6.0; Windows NT 5.1; SV1)"
172.19.10.49 - - [22/May/2006:14:00:27 +0200] "GET /images/ok.gif HTTP/1.1" 304 - "http://intranet/" "Mozilla/4.0 (compatible; MSIE 6.0; Windows NT 5.1; SV1)"
172.19.10.49 - - [22/May/2006:14:00:27 +0200] "GET /images/fond.jpg HTTP/1.1" 304 - "http://intranet/" "Mozilla/4.0 (compatible; MSIE 6.0; Windows NT 5.1; SV1)"
172.19.10.49 - - [22/May/2006:14:00:28 +0200] "GET /images/guill_rouge.png HTTP/1.1" 304 - "http://intranet/" "Mozilla/4.0 (compatible; MSIE 6.0; Windows NT 5.1; SV1)"
172.19.10.9 - - [22/May/2006:14:01:03 +0200] "POST /ocsinventory HTTP/1.1" 200 83 "-" "OCS-NG_windows_client_v4010"
172.19.10.9 - - [22/May/2006:14:01:03 +0200] "POST /ocsinventory HTTP/1.1" 200 88 "-" "OCS-NG_windows_client_v4010"
172.16.0.1 - - [22/May/2006:14:01:47 +0200] "GET /redirect// HTTP/1.1" 302 - "-" "Mozilla/4.0 (compatible; MSIE 6.0; Windows NT 5.1; SV1)"
172.16.0.1 - - [22/May/2006:14:01:48 +0200] "GET /indus/ HTTP/1.1" 200 670 "-" "Mozilla/4.0 (compatible; MSIE 6.0; Windows NT 5.1; SV1)"
172.16.0.1 - - [22/May/2006:14:01:49 +0200] "GET /indus/code/titre.htm HTTP/1.1" 200 406 "http://lva93.ac-creteil.fr/indus/" "Mozilla/4.0 (compatible; MSIE 6.0; Windows NT 5.1; SV1)"
172.16.0.1 - - [22/May/2006:14:01:49 +0200] "GET /redirect//code/sommaire/sommaire.php HTTP/1.1" 404 367 "http://lva93.ac-creteil.fr/indus/" "Mozilla/4.0 (compatible; MSIE 6.0; Windows NT 5.1; SV1)"
172.16.0.1 - - [22/May/2006:14:01:49 +0200] "GET /redirect//code/accueil/accueil.php HTTP/1.1" 404 365 "http://lva93.ac-creteil.fr/indus/" "Mozilla/4.0 (compatible; MSIE 6.0; Windows NT 5.1; SV1)"
172.16.0.1 - - [22/May/2006:14:01:49 +0200] "GET /indus/images/entete4.jpg HTTP/1.1" 200 51310 "http://lva93.ac-creteil.fr/indus/code/titre.htm" "Mozilla/4.0 (compatible; MSIE 6.0; Windows NT 5.1; SV1)"
172.17.10.3 - - [22/May/2006:14:02:37 +0200] "GET / HTTP/1.1" 200 2038 "-" "Mozilla/4.0 (compatible; MSIE 6.0; Windows NT 5.1; SV1)"
172.17.10.3 - - [22/May/2006:14:02:37 +0200] "GET /intranet.css HTTP/1.1" 304 - "http://intranet/" "Mozilla/4.0 (compatible; MSIE 6.0; Windows NT 5.1; SV1)"
172.17.10.3 - - [22/May/2006:14:02:37 +0200] "GET /images/ok.gif HTTP/1.1" 304 - "http://intranet/" "Mozilla/4.0 (compatible; MSIE 6.0; Windows NT 5.1; SV1)"
172.17.10.3 - - [22/May/2006:14:02:37 +0200] "GET /images/fond.jpg HTTP/1.1" 304 - "http://intranet/" "Mozilla/4.0 (compatible; MSIE 6.0; Windows NT 5.1; SV1)"
172.17.10.30 - - [22/May/2006:14:02:40 +0200] "POST /ocsinventory HTTP/1.1" 200 83 "-" "OCS-NG_windows_client_v4010"
172.17.10.30 - - [22/May/2006:14:02:40 +0200] "POST /ocsinventory HTTP/1.1" 200 88 "-" "OCS-NG_windows_client_v4010"
172.17.10.4 - - [22/May/2006:14:03:41 +0200] "GET / HTTP/1.1" 200 2038 "-" "Mozilla/4.0 (compatible; MSIE 6.0; Windows NT 5.1; SV1)"
172.17.10.4 - - [22/May/2006:14:03:41 +0200] "GET /intranet.css HTTP/1.1" 304 - "http://intranet/" "Mozilla/4.0 (compatible; MSIE 6.0; Windows NT 5.1; SV1)"
172.19.10.105 - - [22/May/2006:14:04:55 +0200] "GET / HTTP/1.1" 200 2038 "-" "Mozilla/5.0 (Windows; U; Windows NT 5.1; fr; rv:1.8.0.3) Gecko/20060426 Firefox/1.5.0.3"
172.17.10.4 - - [22/May/2006:14:06:02 +0200] "GET / HTTP/1.1" 200 2038 "-" "Mozilla/4.0 (compatible; MSIE 6.0; Windows NT 5.1; SV1)"
172.17.10.4 - - [22/May/2006:14:06:02 +0200] "GET /intranet.css HTTP/1.1" 304 - "http://intranet/" "Mozilla/4.0 (compatible; MSIE 6.0; Windows NT 5.1; SV1)"
172.21.102.4 - - [22/May/2006:14:07:54 +0200] "POST /ocsinventory HTTP/1.1" 200 83 "-" "OCS-NG_windows_client_v4010"
172.21.102.4 - - [22/May/2006:14:07:54 +0200] "POST /ocsinventory HTTP/1.1" 200 88 "-" "OCS-NG_windows_client_v4010"
172.21.102.5 - - [22/May/2006:14:09:05 +0200] "POST /ocsinventory HTTP/1.1" 200 83 "-" "OCS-NG_windows_client_v4010"
172.21.102.5 - - [22/May/2006:14:09:34 +0200] "POST /ocsinventory HTTP/1.1" 200 93 "-" "OCS-NG_windows_client_v4010"
172.21.102.5 - - [22/May/2006:14:09:34 +0200] "POST /ocsinventory HTTP/1.1" 200 88 "-" "OCS-NG_windows_client_v4010"
172.20.10.16 - - [22/May/2006:14:13:06 +0200] "POST /ocsinventory HTTP/1.1" 200 83 "-" "OCS-NG_windows_client_v4010"
172.20.10.16 - - [22/May/2006:14:13:09 +0200] "POST /ocsinventory HTTP/1.1" 200 93 "-" "OCS-NG_windows_client_v4010"
172.20.10.16 - - [22/May/2006:14:13:09 +0200] "POST /ocsinventory HTTP/1.1" 200 88 "-" "OCS-NG_windows_client_v4010"
172.21.10.196 - - [22/May/2006:14:13:34 +0200] "GET / HTTP/1.1" 200 2038 "-" "Mozilla/4.0 (compatible; MSIE 6.0; Windows NT 5.1; SV1)"
172.21.10.196 - - [22/May/2006:14:13:34 +0200] "GET /intranet.css HTTP/1.1" 304 - "http://intranet/" "Mozilla/4.0 (compatible; MSIE 6.0; Windows NT 5.1; SV1)"
172.17.10.3 - - [22/May/2006:14:14:13 +0200] "GET / HTTP/1.1" 200 2038 "-" "Mozilla/4.0 (compatible; MSIE 6.0; Windows NT 5.1; SV1)"
172.17.10.3 - - [22/May/2006:14:14:13 +0200] "GET /intranet.css HTTP/1.1" 304 - "http://intranet/" "Mozilla/4.0 (compatible; MSIE 6.0; Windows NT 5.1; SV1)"
172.17.10.3 - - [22/May/2006:14:14:13 +0200] "GET /images/ok.gif HTTP/1.1" 304 - "http://intranet/" "Mozilla/4.0 (compatible; MSIE 6.0; Windows NT 5.1; SV1)"
172.17.10.3 - - [22/May/2006:14:14:13 +0200] "GET /images/fond.jpg HTTP/1.1" 304 - "http://intranet/" "Mozilla/4.0 (compatible; MSIE 6.0; Windows NT 5.1; SV1)"
172.19.10.49 - - [22/May/2006:14:14:29 +0200] "GET / HTTP/1.1" 200 2038 "-" "Mozilla/4.0 (compatible; MSIE 6.0; Windows NT 5.1; SV1)"
172.19.10.49 - - [22/May/2006:14:14:29 +0200] "GET /intranet.css HTTP/1.1" 304 - "http://intranet/" "Mozilla/4.0 (compatible; MSIE 6.0; Windows NT 5.1; SV1)"
172.19.10.49 - - [22/May/2006:14:14:29 +0200] "GET /images/ok.gif HTTP/1.1" 304 - "http://intranet/" "Mozilla/4.0 (compatible; MSIE 6.0; Windows NT 5.1; SV1)"
172.19.10.49 - - [22/May/2006:14:14:29 +0200] "GET /images/fond.jpg HTTP/1.1" 304 - "http://intranet/" "Mozilla/4.0 (compatible; MSIE 6.0; Windows NT 5.1; SV1)"
172.19.10.49 - - [22/May/2006:14:14:29 +0200] "GET /images/guill_rouge.png HTTP/1.1" 304 - "http://intranet/" "Mozilla/4.0 (compatible; MSIE 6.0; Windows NT 5.1; SV1)"
172.21.10.19 - - [22/May/2006:14:14:42 +0200] "POST /ocsinventory HTTP/1.1" 200 142 "-" "OCS-NG_windows_client_v4010"
172.20.10.4 - - [22/May/2006:14:15:51 +0200] "POST /ocsinventory HTTP/1.1" 200 83 "-" "OCS-NG_windows_client_v4010"
172.20.10.4 - - [22/May/2006:14:15:51 +0200] "POST /ocsinventory HTTP/1.1" 200 88 "-" "OCS-NG_windows_client_v4010"
172.20.10.4 - - [22/May/2006:14:15:53 +0200] "GET / HTTP/1.1" 200 2038 "-" "Mozilla/4.0 (compatible; MSIE 5.01; Windows NT 5.0; Sgrunt|V109|1168|S807950477|dialno; Hotbar 4.6.1)"
172.20.10.4 - - [22/May/2006:14:15:54 +0200] "GET /intranet.css HTTP/1.1" 200 4320 "http://intranet/" "Mozilla/4.0 (compatible; MSIE 5.01; Windows NT 5.0; Sgrunt|V109|1168|S807950477|dialno; Hotbar 4.6.1)"
172.20.10.4 - - [22/May/2006:14:15:54 +0200] "GET /images/ok.gif HTTP/1.1" 200 476 "http://intranet/" "Mozilla/4.0 (compatible; MSIE 5.01; Windows NT 5.0; Sgrunt|V109|1168|S807950477|dialno; Hotbar 4.6.1)"
172.20.10.4 - - [22/May/2006:14:15:54 +0200] "GET /images/fond.jpg HTTP/1.1" 200 51310 "http://intranet/" "Mozilla/4.0 (compatible; MSIE 5.01; Windows NT 5.0; Sgrunt|V109|1168|S807950477|dialno; Hotbar 4.6.1)"
172.21.10.19 - - [22/May/2006:14:16:02 +0200] "POST /ocsinventory HTTP/1.1" 200 93 "-" "OCS-NG_windows_client_v4010"
172.21.10.19 - - [22/May/2006:14:16:02 +0200] "POST /ocsinventory HTTP/1.1" 200 88 "-" "OCS-NG_windows_client_v4010"
172.21.102.4 - - [22/May/2006:14:16:32 +0200] "POST /ocsinventory HTTP/1.1" 200 83 "-" "OCS-NG_windows_client_v4010"
172.21.102.4 - - [22/May/2006:14:16:32 +0200] "POST /ocsinventory HTTP/1.1" 200 88 "-" "OCS-NG_windows_client_v4010"
172.20.10.16 - - [22/May/2006:14:16:40 +0200] "GET / HTTP/1.1" 200 2038 "-" "Mozilla/4.0 (compatible; MSIE 6.0; Windows NT 5.1; SV1)"
172.20.10.16 - - [22/May/2006:14:16:41 +0200] "GET /intranet.css HTTP/1.1" 200 4320 "http://intranet/" "Mozilla/4.0 (compatible; MSIE 6.0; Windows NT 5.1; SV1)"
172.20.10.16 - - [22/May/2006:14:16:41 +0200] "GET /images/ok.gif HTTP/1.1" 304 - "http://intranet/" "Mozilla/4.0 (compatible; MSIE 6.0; Windows NT 5.1; SV1)"
172.20.10.16 - - [22/May/2006:14:16:41 +0200] "GET /images/fond.jpg HTTP/1.1" 304 - "http://intranet/" "Mozilla/4.0 (compatible; MSIE 6.0; Windows NT 5.1; SV1)"
172.17.10.7 - - [22/May/2006:14:18:57 +0200] "POST /ocsinventory HTTP/1.1" 200 83 "-" "OCS-NG_windows_client_v4010"
172.17.10.7 - - [22/May/2006:14:18:57 +0200] "POST /ocsinventory HTTP/1.1" 200 88 "-" "OCS-NG_windows_client_v4010"
172.18.10.1 - - [22/May/2006:14:19:19 +0200] "GET / HTTP/1.1" 200 2038 "-" "Mozilla/4.0 (compatible; MSIE 6.0; Windows NT 5.1; SV1)"
172.18.10.1 - - [22/May/2006:14:19:19 +0200] "GET /intranet.css HTTP/1.1" 304 - "http://intranet/" "Mozilla/4.0 (compatible; MSIE 6.0; Windows NT 5.1; SV1)"
172.20.10.4 - - [22/May/2006:14:21:35 +0200] "POST /ocsinventory HTTP/1.1" 200 83 "-" "OCS-NG_windows_client_v4010"
172.20.10.4 - - [22/May/2006:14:21:35 +0200] "POST /ocsinventory HTTP/1.1" 200 88 "-" "OCS-NG_windows_client_v4010"
172.19.10.49 - - [22/May/2006:14:21:39 +0200] "GET / HTTP/1.1" 200 2038 "-" "Mozilla/4.0 (compatible; MSIE 6.0; Windows NT 5.1; SV1)"
172.19.10.49 - - [22/May/2006:14:21:39 +0200] "GET /intranet.css HTTP/1.1" 304 - "http://intranet/" "Mozilla/4.0 (compatible; MSIE 6.0; Windows NT 5.1; SV1)"
172.19.10.49 - - [22/May/2006:14:21:39 +0200] "GET /images/ok.gif HTTP/1.1" 304 - "http://intranet/" "Mozilla/4.0 (compatible; MSIE 6.0; Windows NT 5.1; SV1)"
172.19.10.49 - - [22/May/2006:14:21:39 +0200] "GET /images/fond.jpg HTTP/1.1" 304 - "http://intranet/" "Mozilla/4.0 (compatible; MSIE 6.0; Windows NT 5.1; SV1)"
172.19.10.12 - - [22/May/2006:14:21:46 +0200] "GET / HTTP/1.1" 200 2038 "-" "Mozilla/4.0 (compatible; MSIE 6.0; Windows NT 5.1; SV1)"
172.19.10.12 - - [22/May/2006:14:21:46 +0200] "GET /intranet.css HTTP/1.1" 200 4320 "http://intranet/" "Mozilla/4.0 (compatible; MSIE 6.0; Windows NT 5.1; SV1)"
172.19.10.12 - - [22/May/2006:14:21:46 +0200] "GET /images/ok.gif HTTP/1.1" 304 - "http://intranet/" "Mozilla/4.0 (compatible; MSIE 6.0; Windows NT 5.1; SV1)"
172.19.10.12 - - [22/May/2006:14:21:46 +0200] "GET /images/fond.jpg HTTP/1.1" 304 - "http://intranet/" "Mozilla/4.0 (compatible; MSIE 6.0; Windows NT 5.1; SV1)"
172.18.10.18 - - [22/May/2006:14:21:47 +0200] "GET / HTTP/1.1" 200 2038 "-" "Mozilla/4.0 (compatible; MSIE 6.0; Windows NT 5.1; SV1; .NET CLR 1.1.4322)"
172.18.10.18 - - [22/May/2006:14:21:47 +0200] "GET /intranet.css HTTP/1.1" 304 - "http://intranet/" "Mozilla/4.0 (compatible; MSIE 6.0; Windows NT 5.1; SV1; .NET CLR 1.1.4322)"
172.18.10.18 - - [22/May/2006:14:21:47 +0200] "GET /images/ok.gif HTTP/1.1" 304 - "http://intranet/" "Mozilla/4.0 (compatible; MSIE 6.0; Windows NT 5.1; SV1; .NET CLR 1.1.4322)"
172.18.10.18 - - [22/May/2006:14:21:47 +0200] "GET /images/fond.jpg HTTP/1.1" 304 - "http://intranet/" "Mozilla/4.0 (compatible; MSIE 6.0; Windows NT 5.1; SV1; .NET CLR 1.1.4322)"
172.18.10.18 - - [22/May/2006:14:21:52 +0200] "GET /images/guill_rouge.png HTTP/1.1" 304 - "http://intranet/" "Mozilla/4.0 (compatible; MSIE 6.0; Windows NT 5.1; SV1; .NET CLR 1.1.4322)"
172.21.10.46 - - [22/May/2006:14:24:51 +0200] "POST /ocsinventory HTTP/1.1" 200 83 "-" "OCS-NG_windows_client_v4010"
172.21.10.46 - - [22/May/2006:14:24:51 +0200] "POST /ocsinventory HTTP/1.1" 200 88 "-" "OCS-NG_windows_client_v4010"
172.21.10.75 - - [22/May/2006:14:25:07 +0200] "POST /ocsinventory HTTP/1.1" 200 83 "-" "OCS-NG_windows_client_v4010"
172.21.10.75 - - [22/May/2006:14:25:07 +0200] "POST /ocsinventory HTTP/1.1" 200 88 "-" "OCS-NG_windows_client_v4010"
172.21.10.66 - - [22/May/2006:14:25:11 +0200] "POST /ocsinventory HTTP/1.1" 200 83 "-" "OCS-NG_windows_client_v4010"
172.21.10.66 - - [22/May/2006:14:25:11 +0200] "POST /ocsinventory HTTP/1.1" 200 88 "-" "OCS-NG_windows_client_v4010"
172.21.10.25 - - [22/May/2006:14:25:16 +0200] "POST /ocsinventory HTTP/1.1" 200 83 "-" "OCS-NG_windows_client_v4010"
172.21.10.25 - - [22/May/2006:14:25:17 +0200] "POST /ocsinventory HTTP/1.1" 200 88 "-" "OCS-NG_windows_client_v4010"
172.21.10.11 - - [22/May/2006:14:25:38 +0200] "POST /ocsinventory HTTP/1.1" 200 83 "-" "OCS-NG_windows_client_v4010"
172.21.10.11 - - [22/May/2006:14:25:38 +0200] "POST /ocsinventory HTTP/1.1" 200 88 "-" "OCS-NG_windows_client_v4010"
172.21.10.26 - - [22/May/2006:14:25:39 +0200] "POST /ocsinventory HTTP/1.1" 200 83 "-" "OCS-NG_windows_client_v4010"
172.21.10.26 - - [22/May/2006:14:25:40 +0200] "POST /ocsinventory HTTP/1.1" 200 88 "-" "OCS-NG_windows_client_v4010"
172.21.10.199 - - [22/May/2006:14:25:51 +0200] "POST /ocsinventory HTTP/1.1" 200 83 "-" "OCS-NG_windows_client_v4010"
172.21.10.199 - - [22/May/2006:14:25:51 +0200] "POST /ocsinventory HTTP/1.1" 200 88 "-" "OCS-NG_windows_client_v4010"
172.21.10.15 - - [22/May/2006:14:26:07 +0200] "POST /ocsinventory HTTP/1.1" 200 83 "-" "OCS-NG_windows_client_v4010"
172.21.10.15 - - [22/May/2006:14:26:07 +0200] "POST /ocsinventory HTTP/1.1" 200 88 "-" "OCS-NG_windows_client_v4010"
172.21.10.68 - - [22/May/2006:14:26:18 +0200] "POST /ocsinventory HTTP/1.1" 200 83 "-" "OCS-NG_windows_client_v4010"
172.21.10.68 - - [22/May/2006:14:26:18 +0200] "POST /ocsinventory HTTP/1.1" 200 88 "-" "OCS-NG_windows_client_v4010"
172.21.10.59 - - [22/May/2006:14:26:35 +0200] "POST /ocsinventory HTTP/1.1" 200 83 "-" "OCS-NG_windows_client_v4010"
172.21.10.59 - - [22/May/2006:14:26:35 +0200] "POST /ocsinventory HTTP/1.1" 200 88 "-" "OCS-NG_windows_client_v4010"
172.21.10.72 - - [22/May/2006:14:27:10 +0200] "POST /ocsinventory HTTP/1.1" 200 83 "-" "OCS-NG_windows_client_v4010"
172.21.10.72 - - [22/May/2006:14:27:10 +0200] "POST /ocsinventory HTTP/1.1" 200 88 "-" "OCS-NG_windows_client_v4010"
172.20.10.4 - - [22/May/2006:14:27:30 +0200] "GET / HTTP/1.1" 200 2038 "-" "Mozilla/4.0 (compatible; MSIE 5.01; Windows NT 5.0; Sgrunt|V109|1168|S807950477|dialno; Hotbar 4.6.1)"
172.20.10.4 - - [22/May/2006:14:27:30 +0200] "GET /intranet.css HTTP/1.1" 200 4320 "http://intranet/" "Mozilla/4.0 (compatible; MSIE 5.01; Windows NT 5.0; Sgrunt|V109|1168|S807950477|dialno; Hotbar 4.6.1)"
172.20.10.4 - - [22/May/2006:14:27:30 +0200] "GET /images/ok.gif HTTP/1.1" 200 476 "http://intranet/" "Mozilla/4.0 (compatible; MSIE 5.01; Windows NT 5.0; Sgrunt|V109|1168|S807950477|dialno; Hotbar 4.6.1)"
172.20.10.4 - - [22/May/2006:14:27:31 +0200] "GET /images/fond.jpg HTTP/1.1" 200 51310 "http://intranet/" "Mozilla/4.0 (compatible; MSIE 5.01; Windows NT 5.0; Sgrunt|V109|1168|S807950477|dialno; Hotbar 4.6.1)"
172.21.10.65 - - [22/May/2006:14:28:58 +0200] "GET / HTTP/1.1" 200 2038 "-" "Mozilla/4.0 (compatible; MSIE 6.0; Windows NT 5.0; .NET CLR 1.1.4322)"
172.21.10.65 - - [22/May/2006:14:28:58 +0200] "GET /intranet.css HTTP/1.1" 304 - "http://intranet/" "Mozilla/4.0 (compatible; MSIE 6.0; Windows NT 5.0; .NET CLR 1.1.4322)"
172.21.10.65 - - [22/May/2006:14:28:58 +0200] "GET /images/ok.gif HTTP/1.1" 304 - "http://intranet/" "Mozilla/4.0 (compatible; MSIE 6.0; Windows NT 5.0; .NET CLR 1.1.4322)"
172.21.10.65 - - [22/May/2006:14:28:58 +0200] "GET /images/fond.jpg HTTP/1.1" 304 - "http://intranet/" "Mozilla/4.0 (compatible; MSIE 6.0; Windows NT 5.0; .NET CLR 1.1.4322)"
172.21.10.65 - - [22/May/2006:14:28:59 +0200] "GET /images/guill_rouge.png HTTP/1.1" 304 - "http://intranet/" "Mozilla/4.0 (compatible; MSIE 6.0; Windows NT 5.0; .NET CLR 1.1.4322)"
172.18.10.18 - - [22/May/2006:14:29:11 +0200] "GET / HTTP/1.1" 200 2038 "-" "Mozilla/4.0 (compatible; MSIE 6.0; Windows NT 5.1; SV1; .NET CLR 1.1.4322)"
172.18.10.18 - - [22/May/2006:14:29:11 +0200] "GET /intranet.css HTTP/1.1" 304 - "http://intranet/" "Mozilla/4.0 (compatible; MSIE 6.0; Windows NT 5.1; SV1; .NET CLR 1.1.4322)"
172.18.10.18 - - [22/May/2006:14:29:11 +0200] "GET /images/ok.gif HTTP/1.1" 304 - "http://intranet/" "Mozilla/4.0 (compatible; MSIE 6.0; Windows NT 5.1; SV1; .NET CLR 1.1.4322)"
172.18.10.18 - - [22/May/2006:14:29:11 +0200] "GET /images/fond.jpg HTTP/1.1" 304 - "http://intranet/" "Mozilla/4.0 (compatible; MSIE 6.0; Windows NT 5.1; SV1; .NET CLR 1.1.4322)"
172.20.10.4 - - [22/May/2006:14:30:12 +0200] "GET / HTTP/1.1" 200 2038 "-" "Mozilla/4.0 (compatible; MSIE 5.01; Windows NT 5.0; Sgrunt|V109|1168|S807950477|dialno; Hotbar 4.6.1)"
172.20.10.4 - - [22/May/2006:14:30:12 +0200] "GET /intranet.css HTTP/1.1" 304 - "http://intranet/" "Mozilla/4.0 (compatible; MSIE 5.01; Windows NT 5.0; Sgrunt|V109|1168|S807950477|dialno; Hotbar 4.6.1)"
172.20.10.4 - - [22/May/2006:14:30:12 +0200] "GET /images/ok.gif HTTP/1.1" 304 - "http://intranet/" "Mozilla/4.0 (compatible; MSIE 5.01; Windows NT 5.0; Sgrunt|V109|1168|S807950477|dialno; Hotbar 4.6.1)"
172.20.10.4 - - [22/May/2006:14:30:12 +0200] "GET /images/fond.jpg HTTP/1.1" 304 - "http://intranet/" "Mozilla/4.0 (compatible; MSIE 5.01; Windows NT 5.0; Sgrunt|V109|1168|S807950477|dialno; Hotbar 4.6.1)"
172.21.10.65 - - [22/May/2006:14:36:39 +0200] "GET / HTTP/1.1" 200 2038 "-" "Mozilla/4.0 (compatible; MSIE 6.0; Windows NT 5.0; .NET CLR 1.1.4322)"
172.21.10.65 - - [22/May/2006:14:36:39 +0200] "GET /intranet.css HTTP/1.1" 304 - "http://intranet/" "Mozilla/4.0 (compatible; MSIE 6.0; Windows NT 5.0; .NET CLR 1.1.4322)"
172.21.10.65 - - [22/May/2006:14:36:39 +0200] "GET /images/ok.gif HTTP/1.1" 304 - "http://intranet/" "Mozilla/4.0 (compatible; MSIE 6.0; Windows NT 5.0; .NET CLR 1.1.4322)"
172.21.10.65 - - [22/May/2006:14:36:39 +0200] "GET /images/fond.jpg HTTP/1.1" 304 - "http://intranet/" "Mozilla/4.0 (compatible; MSIE 6.0; Windows NT 5.0; .NET CLR 1.1.4322)"
172.21.10.65 - - [22/May/2006:14:36:41 +0200] "GET /images/guill_rouge.png HTTP/1.1" 304 - "http://intranet/" "Mozilla/4.0 (compatible; MSIE 6.0; Windows NT 5.0; .NET CLR 1.1.4322)"
172.17.10.3 - - [22/May/2006:14:36:57 +0200] "GET / HTTP/1.1" 200 2038 "-" "Mozilla/4.0 (compatible; MSIE 6.0; Windows NT 5.1; SV1)"
172.17.10.3 - - [22/May/2006:14:36:57 +0200] "GET /intranet.css HTTP/1.1" 304 - "http://intranet/" "Mozilla/4.0 (compatible; MSIE 6.0; Windows NT 5.1; SV1)"
172.17.10.3 - - [22/May/2006:14:36:57 +0200] "GET /images/ok.gif HTTP/1.1" 304 - "http://intranet/" "Mozilla/4.0 (compatible; MSIE 6.0; Windows NT 5.1; SV1)"
172.17.10.3 - - [22/May/2006:14:36:57 +0200] "GET /images/fond.jpg HTTP/1.1" 304 - "http://intranet/" "Mozilla/4.0 (compatible; MSIE 6.0; Windows NT 5.1; SV1)"
172.17.10.7 - - [22/May/2006:14:38:49 +0200] "POST /ocsinventory HTTP/1.1" 200 83 "-" "OCS-NG_windows_client_v4010"
172.17.10.7 - - [22/May/2006:14:38:49 +0200] "POST /ocsinventory HTTP/1.1" 200 88 "-" "OCS-NG_windows_client_v4010"
172.20.10.54 - - [22/May/2006:14:38:50 +0200] "GET /images/guill_rouge.png HTTP/1.1" 304 - "http://intranet/" "Mozilla/4.0 (compatible; MSIE 6.0; Windows NT 5.0)"
172.17.10.3 - - [22/May/2006:14:40:20 +0200] "GET / HTTP/1.1" 200 2038 "-" "Mozilla/4.0 (compatible; MSIE 6.0; Windows NT 5.1; SV1)"
172.17.10.3 - - [22/May/2006:14:40:20 +0200] "GET /intranet.css HTTP/1.1" 304 - "http://intranet/" "Mozilla/4.0 (compatible; MSIE 6.0; Windows NT 5.1; SV1)"
172.17.10.3 - - [22/May/2006:14:40:20 +0200] "GET /images/ok.gif HTTP/1.1" 304 - "http://intranet/" "Mozilla/4.0 (compatible; MSIE 6.0; Windows NT 5.1; SV1)"
172.17.10.3 - - [22/May/2006:14:40:20 +0200] "GET /images/fond.jpg HTTP/1.1" 304 - "http://intranet/" "Mozilla/4.0 (compatible; MSIE 6.0; Windows NT 5.1; SV1)"
172.16.0.1 - - [22/May/2006:14:41:57 +0200] "POST /ocsinventory HTTP/1.0" 200 83 "-" "OCS-NG_windows_client_v4010"
172.16.0.1 - - [22/May/2006:14:42:22 +0200] "POST /ocsinventory HTTP/1.0" 200 93 "-" "OCS-NG_windows_client_v4010"
172.16.0.1 - - [22/May/2006:14:42:22 +0200] "POST /ocsinventory HTTP/1.0" 200 88 "-" "OCS-NG_windows_client_v4010"
172.21.10.13 - - [22/May/2006:14:43:09 +0200] "POST /ocsinventory HTTP/1.1" 200 83 "-" "OCS-NG_windows_client_v4010"
172.21.10.13 - - [22/May/2006:14:43:09 +0200] "POST /ocsinventory HTTP/1.1" 200 88 "-" "OCS-NG_windows_client_v4010"
172.17.10.3 - - [22/May/2006:14:43:34 +0200] "GET / HTTP/1.1" 200 2038 "-" "Mozilla/4.0 (compatible; MSIE 6.0; Windows NT 5.1; SV1)"
172.17.10.3 - - [22/May/2006:14:43:34 +0200] "GET /intranet.css HTTP/1.1" 304 - "http://intranet/" "Mozilla/4.0 (compatible; MSIE 6.0; Windows NT 5.1; SV1)"
172.17.10.3 - - [22/May/2006:14:43:34 +0200] "GET /images/ok.gif HTTP/1.1" 304 - "http://intranet/" "Mozilla/4.0 (compatible; MSIE 6.0; Windows NT 5.1; SV1)"
172.17.10.3 - - [22/May/2006:14:43:34 +0200] "GET /images/fond.jpg HTTP/1.1" 304 - "http://intranet/" "Mozilla/4.0 (compatible; MSIE 6.0; Windows NT 5.1; SV1)"
172.21.10.13 - - [22/May/2006:14:43:44 +0200] "GET / HTTP/1.1" 200 2038 "-" "Mozilla/4.0 (compatible; MSIE 6.0; Windows NT 5.0; .NET CLR 1.1.4322)"
172.21.10.13 - - [22/May/2006:14:43:46 +0200] "GET /intranet.css HTTP/1.1" 304 - "http://intranet/" "Mozilla/4.0 (compatible; MSIE 6.0; Windows NT 5.0; .NET CLR 1.1.4322)"
172.19.10.51 - - [22/May/2006:14:44:07 +0200] "GET / HTTP/1.1" 200 2038 "-" "Mozilla/4.0 (compatible; MSIE 6.0; Windows NT 5.1; SV1)"
172.19.10.51 - - [22/May/2006:14:44:07 +0200] "GET /intranet.css HTTP/1.1" 304 - "http://intranet/" "Mozilla/4.0 (compatible; MSIE 6.0; Windows NT 5.1; SV1)"
172.17.10.5 - - [22/May/2006:14:48:45 +0200] "GET / HTTP/1.1" 200 2038 "-" "Mozilla/4.0 (compatible; MSIE 6.0; Windows NT 5.1; SV1)"
172.17.10.5 - - [22/May/2006:14:48:45 +0200] "GET /intranet.css HTTP/1.1" 200 4320 "http://intranet/" "Mozilla/4.0 (compatible; MSIE 6.0; Windows NT 5.1; SV1)"
172.17.10.5 - - [22/May/2006:14:48:45 +0200] "GET /images/ok.gif HTTP/1.1" 200 476 "http://intranet/" "Mozilla/4.0 (compatible; MSIE 6.0; Windows NT 5.1; SV1)"
172.17.10.5 - - [22/May/2006:14:48:45 +0200] "GET /images/fond.jpg HTTP/1.1" 200 51310 "http://intranet/" "Mozilla/4.0 (compatible; MSIE 6.0; Windows NT 5.1; SV1)"
172.21.10.13 - - [22/May/2006:14:49:17 +0200] "GET / HTTP/1.1" 200 2038 "-" "Mozilla/4.0 (compatible; MSIE 6.0; Windows NT 5.0; .NET CLR 1.1.4322)"
172.21.10.13 - - [22/May/2006:14:49:18 +0200] "GET /intranet.css HTTP/1.1" 304 - "http://intranet/" "Mozilla/4.0 (compatible; MSIE 6.0; Windows NT 5.0; .NET CLR 1.1.4322)"
172.21.102.8 - - [22/May/2006:14:49:18 +0200] "POST /ocsinventory HTTP/1.1" 200 83 "-" "OCS-NG_windows_client_v4010"
172.21.102.8 - - [22/May/2006:14:49:18 +0200] "POST /ocsinventory HTTP/1.1" 200 88 "-" "OCS-NG_windows_client_v4010"
172.19.10.15 - - [22/May/2006:14:49:42 +0200] "GET / HTTP/1.1" 200 2038 "-" "Mozilla/4.0 (compatible; MSIE 6.0; Windows NT 5.1; SV1)"
172.19.10.15 - - [22/May/2006:14:49:42 +0200] "GET /intranet.css HTTP/1.1" 304 - "http://intranet/" "Mozilla/4.0 (compatible; MSIE 6.0; Windows NT 5.1; SV1)"
172.19.10.15 - - [22/May/2006:14:49:42 +0200] "GET /images/ok.gif HTTP/1.1" 304 - "http://intranet/" "Mozilla/4.0 (compatible; MSIE 6.0; Windows NT 5.1; SV1)"
172.19.10.15 - - [22/May/2006:14:49:43 +0200] "GET /images/fond.jpg HTTP/1.1" 304 - "http://intranet/" "Mozilla/4.0 (compatible; MSIE 6.0; Windows NT 5.1; SV1)"
172.21.102.7 - - [22/May/2006:14:49:51 +0200] "POST /ocsinventory HTTP/1.1" 200 83 "-" "OCS-NG_windows_client_v4010"
172.19.10.15 - - [22/May/2006:14:49:54 +0200] "GET /images/guill_rouge.png HTTP/1.1" 304 - "http://intranet/" "Mozilla/4.0 (compatible; MSIE 6.0; Windows NT 5.1; SV1)"
172.19.10.15 - - [22/May/2006:14:49:56 +0200] "GET / HTTP/1.1" 200 2038 "-" "Mozilla/4.0 (compatible; MSIE 6.0; Windows NT 5.1; SV1)"
172.19.10.15 - - [22/May/2006:14:49:56 +0200] "GET /intranet.css HTTP/1.1" 304 - "http://intranet/" "Mozilla/4.0 (compatible; MSIE 6.0; Windows NT 5.1; SV1)"
172.19.10.15 - - [22/May/2006:14:49:56 +0200] "GET /images/ok.gif HTTP/1.1" 304 - "http://intranet/" "Mozilla/4.0 (compatible; MSIE 6.0; Windows NT 5.1; SV1)"
172.19.10.15 - - [22/May/2006:14:49:56 +0200] "GET /images/fond.jpg HTTP/1.1" 304 - "http://intranet/" "Mozilla/4.0 (compatible; MSIE 6.0; Windows NT 5.1; SV1)"
172.21.102.7 - - [22/May/2006:14:49:56 +0200] "POST /ocsinventory HTTP/1.1" 200 93 "-" "OCS-NG_windows_client_v4010"
172.21.102.7 - - [22/May/2006:14:49:57 +0200] "POST /ocsinventory HTTP/1.1" 200 88 "-" "OCS-NG_windows_client_v4010"
172.19.10.15 - - [22/May/2006:14:50:05 +0200] "GET / HTTP/1.1" 200 2038 "-" "Mozilla/4.0 (compatible; MSIE 6.0; Windows NT 5.1; SV1)"
172.19.10.13 - - [22/May/2006:14:50:14 +0200] "GET / HTTP/1.1" 200 2038 "-" "Mozilla/4.0 (compatible; MSIE 6.0; Windows NT 5.1; SV1; .NET CLR 1.1.4322)"
172.19.10.13 - - [22/May/2006:14:50:14 +0200] "GET /intranet.css HTTP/1.1" 304 - "http://intranet/" "Mozilla/4.0 (compatible; MSIE 6.0; Windows NT 5.1; SV1; .NET CLR 1.1.4322)"
172.19.10.13 - - [22/May/2006:14:50:14 +0200] "GET /images/fond.jpg HTTP/1.1" 304 - "http://intranet/" "Mozilla/4.0 (compatible; MSIE 6.0; Windows NT 5.1; SV1; .NET CLR 1.1.4322)"
172.19.10.13 - - [22/May/2006:14:50:14 +0200] "GET /images/ok.gif HTTP/1.1" 304 - "http://intranet/" "Mozilla/4.0 (compatible; MSIE 6.0; Windows NT 5.1; SV1; .NET CLR 1.1.4322)"
172.21.10.90 - - [22/May/2006:14:50:34 +0200] "GET / HTTP/1.1" 200 2038 "-" "Mozilla/4.0 (compatible; MSIE 6.0; Windows NT 5.0; .NET CLR 1.1.4322)"
172.21.10.37 - - [22/May/2006:14:53:20 +0200] "POST /ocsinventory HTTP/1.1" 200 83 "-" "OCS-NG_windows_client_v4010"
172.17.10.4 - - [22/May/2006:14:53:53 +0200] "GET / HTTP/1.1" 200 2038 "-" "Mozilla/4.0 (compatible; MSIE 6.0; Windows NT 5.1; SV1)"
172.17.10.4 - - [22/May/2006:14:53:53 +0200] "GET /intranet.css HTTP/1.1" 304 - "http://intranet/" "Mozilla/4.0 (compatible; MSIE 6.0; Windows NT 5.1; SV1)"
172.21.10.37 - - [22/May/2006:14:54:48 +0200] "POST /ocsinventory HTTP/1.1" 200 93 "-" "OCS-NG_windows_client_v4010"
172.21.10.37 - - [22/May/2006:14:54:48 +0200] "POST /ocsinventory HTTP/1.1" 200 88 "-" "OCS-NG_windows_client_v4010"
172.19.10.1 - - [22/May/2006:14:55:16 +0200] "GET / HTTP/1.1" 200 2038 "-" "Mozilla/4.0 (compatible; MSIE 6.0; Windows NT 5.1; SV1; .NET CLR 1.1.4322)"
172.19.10.1 - - [22/May/2006:14:55:16 +0200] "GET /intranet.css HTTP/1.1" 200 4320 "http://intranet/" "Mozilla/4.0 (compatible; MSIE 6.0; Windows NT 5.1; SV1; .NET CLR 1.1.4322)"
172.19.10.1 - - [22/May/2006:14:55:16 +0200] "GET /images/ok.gif HTTP/1.1" 200 476 "http://intranet/" "Mozilla/4.0 (compatible; MSIE 6.0; Windows NT 5.1; SV1; .NET CLR 1.1.4322)"
172.19.10.1 - - [22/May/2006:14:55:16 +0200] "GET /images/fond.jpg HTTP/1.1" 200 51310 "http://intranet/" "Mozilla/4.0 (compatible; MSIE 6.0; Windows NT 5.1; SV1; .NET CLR 1.1.4322)"
172.21.10.171 - - [22/May/2006:14:55:17 +0200] "POST /ocsinventory HTTP/1.1" 200 83 "-" "OCS-NG_windows_client_v4010"
172.19.10.1 - - [22/May/2006:14:55:19 +0200] "POST /ocsinventory HTTP/1.1" 200 83 "-" "OCS-NG_windows_client_v4010"
172.19.10.1 - - [22/May/2006:14:55:19 +0200] "POST /ocsinventory HTTP/1.1" 200 88 "-" "OCS-NG_windows_client_v4010"
172.21.10.171 - - [22/May/2006:14:55:22 +0200] "POST /ocsinventory HTTP/1.1" 200 93 "-" "OCS-NG_windows_client_v4010"
172.21.10.171 - - [22/May/2006:14:55:23 +0200] "POST /ocsinventory HTTP/1.1" 200 88 "-" "OCS-NG_windows_client_v4010"
172.19.10.51 - - [22/May/2006:14:58:42 +0200] "GET / HTTP/1.1" 200 2038 "-" "Mozilla/4.0 (compatible; MSIE 6.0; Windows NT 5.1; SV1)"
172.19.10.51 - - [22/May/2006:14:58:42 +0200] "GET /intranet.css HTTP/1.1" 200 4320 "http://intranet/" "Mozilla/4.0 (compatible; MSIE 6.0; Windows NT 5.1; SV1)"
172.19.10.51 - - [22/May/2006:14:58:42 +0200] "GET /images/ok.gif HTTP/1.1" 200 476 "http://intranet/" "Mozilla/4.0 (compatible; MSIE 6.0; Windows NT 5.1; SV1)"
172.19.10.51 - - [22/May/2006:14:58:42 +0200] "GET /images/fond.jpg HTTP/1.1" 200 51310 "http://intranet/" "Mozilla/4.0 (compatible; MSIE 6.0; Windows NT 5.1; SV1)"
172.19.10.51 - - [22/May/2006:14:58:44 +0200] "GET /images/guill_rouge.png HTTP/1.1" 200 955 "http://intranet/" "Mozilla/4.0 (compatible; MSIE 6.0; Windows NT 5.1; SV1)"
172.19.10.51 - - [22/May/2006:14:58:57 +0200] "GET / HTTP/1.1" 200 2038 "-" "Mozilla/4.0 (compatible; MSIE 6.0; Windows NT 5.1; SV1)"
172.19.10.51 - - [22/May/2006:14:59:06 +0200] "GET / HTTP/1.1" 200 2038 "-" "Mozilla/4.0 (compatible; MSIE 6.0; Windows NT 5.1; SV1)"
172.17.10.5 - - [22/May/2006:15:02:46 +0200] "GET / HTTP/1.1" 200 2038 "-" "Mozilla/4.0 (compatible; MSIE 6.0; Windows NT 5.1; SV1)"
172.17.10.5 - - [22/May/2006:15:02:46 +0200] "GET /intranet.css HTTP/1.1" 200 4320 "http://intranet/" "Mozilla/4.0 (compatible; MSIE 6.0; Windows NT 5.1; SV1)"
172.17.10.5 - - [22/May/2006:15:02:46 +0200] "GET /images/ok.gif HTTP/1.1" 200 476 "http://intranet/" "Mozilla/4.0 (compatible; MSIE 6.0; Windows NT 5.1; SV1)"
172.17.10.5 - - [22/May/2006:15:02:46 +0200] "GET /images/fond.jpg HTTP/1.1" 200 51310 "http://intranet/" "Mozilla/4.0 (compatible; MSIE 6.0; Windows NT 5.1; SV1)"
172.21.10.196 - - [22/May/2006:15:04:38 +0200] "GET / HTTP/1.1" 200 2038 "-" "Mozilla/4.0 (compatible; MSIE 6.0; Windows NT 5.1; SV1)"
172.21.10.196 - - [22/May/2006:15:04:38 +0200] "GET / HTTP/1.1" 200 2038 "-" "Mozilla/4.0 (compatible; MSIE 6.0; Windows NT 5.1; SV1)"
172.21.10.196 - - [22/May/2006:15:04:38 +0200] "GET /intranet.css HTTP/1.1" 304 - "http://intranet/" "Mozilla/4.0 (compatible; MSIE 6.0; Windows NT 5.1; SV1)"
172.17.10.4 - - [22/May/2006:15:12:47 +0200] "GET / HTTP/1.1" 200 2038 "-" "Mozilla/4.0 (compatible; MSIE 6.0; Windows NT 5.1; SV1)"
172.17.10.4 - - [22/May/2006:15:12:47 +0200] "GET /intranet.css HTTP/1.1" 304 - "http://intranet/" "Mozilla/4.0 (compatible; MSIE 6.0; Windows NT 5.1; SV1)"
172.19.10.49 - - [22/May/2006:15:14:11 +0200] "GET / HTTP/1.1" 200 2038 "-" "Mozilla/4.0 (compatible; MSIE 6.0; Windows NT 5.1; SV1)"
172.19.10.49 - - [22/May/2006:15:14:11 +0200] "GET /intranet.css HTTP/1.1" 304 - "http://intranet/" "Mozilla/4.0 (compatible; MSIE 6.0; Windows NT 5.1; SV1)"
172.19.10.49 - - [22/May/2006:15:14:18 +0200] "POST /ocsinventory HTTP/1.1" 200 83 "-" "OCS-NG_windows_client_v4010"
172.19.10.49 - - [22/May/2006:15:14:18 +0200] "POST /ocsinventory HTTP/1.1" 200 88 "-" "OCS-NG_windows_client_v4010"
172.21.10.90 - - [22/May/2006:15:14:58 +0200] "GET / HTTP/1.1" 200 2038 "-" "Mozilla/4.0 (compatible; MSIE 6.0; Windows NT 5.0; .NET CLR 1.1.4322)"
172.21.10.0 - - [22/May/2006:15:16:17 +0200] "GET / HTTP/1.1" 200 2038 "-" "Mozilla/5.0 (Windows; U; Windows NT 5.0; fr; rv:1.8.0.3) Gecko/20060426 Firefox/1.5.0.3"
172.21.10.90 - - [22/May/2006:15:20:07 +0200] "GET / HTTP/1.1" 200 2038 "-" "Mozilla/4.0 (compatible; MSIE 6.0; Windows NT 5.0; .NET CLR 1.1.4322)"
172.18.10.37 - - [22/May/2006:15:21:46 +0200] "GET / HTTP/1.1" 200 2038 "-" "Mozilla/4.0 (compatible; MSIE 6.0; Windows NT 5.1; SV1)"
172.18.10.37 - - [22/May/2006:15:21:46 +0200] "GET /intranet.css HTTP/1.1" 200 4320 "http://intranet/" "Mozilla/4.0 (compatible; MSIE 6.0; Windows NT 5.1; SV1)"
172.18.10.37 - - [22/May/2006:15:21:46 +0200] "GET /images/ok.gif HTTP/1.1" 200 476 "http://intranet/" "Mozilla/4.0 (compatible; MSIE 6.0; Windows NT 5.1; SV1)"
172.18.10.37 - - [22/May/2006:15:21:46 +0200] "GET /images/fond.jpg HTTP/1.1" 200 51310 "http://intranet/" "Mozilla/4.0 (compatible; MSIE 6.0; Windows NT 5.1; SV1)"
172.21.10.90 - - [22/May/2006:15:22:05 +0200] "GET / HTTP/1.1" 200 2038 "-" "Mozilla/4.0 (compatible; MSIE 6.0; Windows NT 5.0; .NET CLR 1.1.4322)"
172.21.10.65 - - [22/May/2006:15:22:07 +0200] "GET / HTTP/1.1" 200 2038 "-" "Mozilla/4.0 (compatible; MSIE 6.0; Windows NT 5.0; .NET CLR 1.1.4322)"
172.21.10.65 - - [22/May/2006:15:22:07 +0200] "GET /intranet.css HTTP/1.1" 304 - "http://intranet/" "Mozilla/4.0 (compatible; MSIE 6.0; Windows NT 5.0; .NET CLR 1.1.4322)"
172.21.10.65 - - [22/May/2006:15:22:07 +0200] "GET /images/ok.gif HTTP/1.1" 304 - "http://intranet/" "Mozilla/4.0 (compatible; MSIE 6.0; Windows NT 5.0; .NET CLR 1.1.4322)"
172.21.10.65 - - [22/May/2006:15:22:07 +0200] "GET /images/fond.jpg HTTP/1.1" 304 - "http://intranet/" "Mozilla/4.0 (compatible; MSIE 6.0; Windows NT 5.0; .NET CLR 1.1.4322)"
