172.17.10.3 - - [23/May/2006:14:10:16 +0200] "GET /images/ok.gif HTTP/1.1" 304 - "http://intranet/" "Mozilla/4.0 (compatible; MSIE 6.0; Windows NT 5.1; SV1)"
172.17.10.3 - - [23/May/2006:14:10:16 +0200] "GET /images/fond.jpg HTTP/1.1" 304 - "http://intranet/" "Mozilla/4.0 (compatible; MSIE 6.0; Windows NT 5.1; SV1)"
172.17.10.3 - - [23/May/2006:14:10:16 +0200] "GET / HTTP/1.1" 200 2038 "-" "Mozilla/4.0 (compatible; MSIE 6.0; Windows NT 5.1; SV1)"
172.17.10.3 - - [23/May/2006:14:12:14 +0200] "POST /verif.php HTTP/1.1" 302 - "http://intranet/" "Mozilla/4.0 (compatible; MSIE 6.0; Windows NT 5.1; SV1)"
172.17.10.3 - - [23/May/2006:14:12:14 +0200] "GET /index.php?login=erreur HTTP/1.1" 200 2068 "http://intranet/" "Mozilla/4.0 (compatible; MSIE 6.0; Windows NT 5.1; SV1)"
172.17.10.3 - - [23/May/2006:14:12:30 +0200] "GET /images/guill_rouge.png HTTP/1.1" 304 - "http://intranet/index.php?login=erreur" "Mozilla/4.0 (compatible; MSIE 6.0; Windows NT 5.1; SV1)"
172.17.10.3 - - [23/May/2006:14:12:30 +0200] "GET /images/guill_rouge.png HTTP/1.1" 304 - "http://intranet/index.php?login=erreur" "Mozilla/4.0 (compatible; MSIE 6.0; Windows NT 5.1; SV1)"
172.19.10.43 - - [23/May/2006:14:12:37 +0200] "GET / HTTP/1.1" 200 2038 "-" "Mozilla/4.0 (compatible; MSIE 6.0; Windows NT 5.1; SV1)"
172.19.10.43 - - [23/May/2006:14:12:37 +0200] "GET /intranet.css HTTP/1.1" 200 4320 "http://intranet/" "Mozilla/4.0 (compatible; MSIE 6.0; Windows NT 5.1; SV1)"
172.19.10.43 - - [23/May/2006:14:12:37 +0200] "GET /images/ok.gif HTTP/1.1" 200 476 "http://intranet/" "Mozilla/4.0 (compatible; MSIE 6.0; Windows NT 5.1; SV1)"
172.19.10.43 - - [23/May/2006:14:12:37 +0200] "GET /images/fond.jpg HTTP/1.1" 200 51310 "http://intranet/" "Mozilla/4.0 (compatible; MSIE 6.0; Windows NT 5.1; SV1)"
172.17.10.3 - - [23/May/2006:14:13:01 +0200] "POST /verif.php HTTP/1.1" 302 - "http://intranet/index.php?login=erreur" "Mozilla/4.0 (compatible; MSIE 6.0; Windows NT 5.1; SV1)"
172.17.10.3 - - [23/May/2006:14:13:01 +0200] "GET /index.php?login=erreur HTTP/1.1" 200 2068 "http://intranet/index.php?login=erreur" "Mozilla/4.0 (compatible; MSIE 6.0; Windows NT 5.1; SV1)"
172.17.10.3 - - [23/May/2006:14:13:15 +0200] "GET / HTTP/1.1" 200 2038 "-" "Mozilla/4.0 (compatible; MSIE 6.0; Windows NT 5.1; SV1)"
172.19.10.43 - - [23/May/2006:14:13:19 +0200] "GET / HTTP/1.1" 200 2038 "-" "Mozilla/4.0 (compatible; MSIE 6.0; Windows NT 5.1; SV1)"
172.21.10.185 - - [23/May/2006:14:18:42 +0200] "POST /ocsinventory HTTP/1.1" 200 83 "-" "OCS-NG_windows_client_v4010"
172.21.10.185 - - [23/May/2006:14:19:18 +0200] "POST /ocsinventory HTTP/1.1" 200 93 "-" "OCS-NG_windows_client_v4010"
172.21.10.185 - - [23/May/2006:14:19:19 +0200] "POST /ocsinventory HTTP/1.1" 200 88 "-" "OCS-NG_windows_client_v4010"
172.17.10.5 - - [23/May/2006:14:20:03 +0200] "GET / HTTP/1.1" 200 2038 "-" "Mozilla/4.0 (compatible; MSIE 6.0; Windows NT 5.1; SV1)"
172.17.10.5 - - [23/May/2006:14:20:03 +0200] "GET /intranet.css HTTP/1.1" 200 4320 "http://intranet/" "Mozilla/4.0 (compatible; MSIE 6.0; Windows NT 5.1; SV1)"
172.17.10.5 - - [23/May/2006:14:20:03 +0200] "GET /images/ok.gif HTTP/1.1" 200 476 "http://intranet/" "Mozilla/4.0 (compatible; MSIE 6.0; Windows NT 5.1; SV1)"
172.17.10.5 - - [23/May/2006:14:20:03 +0200] "GET /images/fond.jpg HTTP/1.1" 200 51310 "http://intranet/" "Mozilla/4.0 (compatible; MSIE 6.0; Windows NT 5.1; SV1)"
172.17.10.4 - - [23/May/2006:14:20:21 +0200] "GET / HTTP/1.1" 200 2038 "-" "Mozilla/4.0 (compatible; MSIE 6.0; Windows NT 5.1; SV1)"
172.17.10.4 - - [23/May/2006:14:20:21 +0200] "GET /intranet.css HTTP/1.1" 304 - "http://intranet/" "Mozilla/4.0 (compatible; MSIE 6.0; Windows NT 5.1; SV1)"
172.17.10.4 - - [23/May/2006:14:22:18 +0200] "GET / HTTP/1.1" 200 2038 "-" "Mozilla/4.0 (compatible; MSIE 6.0; Windows NT 5.1; SV1)"
172.17.10.4 - - [23/May/2006:14:22:18 +0200] "GET /intranet.css HTTP/1.1" 304 - "http://intranet/" "Mozilla/4.0 (compatible; MSIE 6.0; Windows NT 5.1; SV1)"
172.19.10.39 - - [23/May/2006:14:22:58 +0200] "GET / HTTP/1.1" 200 2038 "-" "Mozilla/4.0 (compatible; MSIE 6.0; Windows NT 5.1; SV1)"
172.19.10.39 - - [23/May/2006:14:22:58 +0200] "GET /intranet.css HTTP/1.1" 304 - "http://intranet/" "Mozilla/4.0 (compatible; MSIE 6.0; Windows NT 5.1; SV1)"
172.19.10.39 - - [23/May/2006:14:22:58 +0200] "GET /images/ok.gif HTTP/1.1" 304 - "http://intranet/" "Mozilla/4.0 (compatible; MSIE 6.0; Windows NT 5.1; SV1)"
172.19.10.39 - - [23/May/2006:14:22:58 +0200] "GET /images/fond.jpg HTTP/1.1" 304 - "http://intranet/" "Mozilla/4.0 (compatible; MSIE 6.0; Windows NT 5.1; SV1)"
172.21.10.13 - - [23/May/2006:14:23:55 +0200] "GET / HTTP/1.1" 200 2038 "-" "Mozilla/4.0 (compatible; MSIE 6.0; Windows NT 5.0; .NET CLR 1.1.4322)"
172.21.10.13 - - [23/May/2006:14:23:57 +0200] "GET /intranet.css HTTP/1.1" 304 - "http://intranet/" "Mozilla/4.0 (compatible; MSIE 6.0; Windows NT 5.0; .NET CLR 1.1.4322)"
172.17.10.4 - - [23/May/2006:14:24:17 +0200] "GET / HTTP/1.1" 200 2038 "-" "Mozilla/4.0 (compatible; MSIE 6.0; Windows NT 5.1; SV1)"
172.17.10.4 - - [23/May/2006:14:24:17 +0200] "GET /intranet.css HTTP/1.1" 304 - "http://intranet/" "Mozilla/4.0 (compatible; MSIE 6.0; Windows NT 5.1; SV1)"
172.21.10.13 - - [23/May/2006:14:24:44 +0200] "POST /verif.php HTTP/1.1" 302 - "http://intranet/" "Mozilla/4.0 (compatible; MSIE 6.0; Windows NT 5.0; .NET CLR 1.1.4322)"
172.21.10.13 - - [23/May/2006:14:24:44 +0200] "GET /index.php?login=erreur HTTP/1.1" 200 2068 "http://intranet/" "Mozilla/4.0 (compatible; MSIE 6.0; Windows NT 5.0; .NET CLR 1.1.4322)"
172.21.10.13 - - [23/May/2006:14:25:08 +0200] "GET / HTTP/1.1" 200 2038 "-" "Mozilla/5.0 (Windows; U; Windows NT 5.0; fr-FR; rv:1.7.12) Gecko/20050919 Firefox/1.0.7"
172.17.10.5 - - [23/May/2006:14:25:53 +0200] "GET / HTTP/1.1" 200 2038 "-" "Mozilla/4.0 (compatible; MSIE 6.0; Windows NT 5.1; SV1)"
172.17.10.5 - - [23/May/2006:14:25:53 +0200] "GET /intranet.css HTTP/1.1" 200 4320 "http://intranet/" "Mozilla/4.0 (compatible; MSIE 6.0; Windows NT 5.1; SV1)"
172.17.10.5 - - [23/May/2006:14:25:53 +0200] "GET /images/ok.gif HTTP/1.1" 200 476 "http://intranet/" "Mozilla/4.0 (compatible; MSIE 6.0; Windows NT 5.1; SV1)"
172.17.10.5 - - [23/May/2006:14:25:53 +0200] "GET /images/fond.jpg HTTP/1.1" 200 51310 "http://intranet/" "Mozilla/4.0 (compatible; MSIE 6.0; Windows NT 5.1; SV1)"
172.21.10.15 - - [23/May/2006:14:25:57 +0200] "POST /ocsinventory HTTP/1.1" 200 83 "-" "OCS-NG_windows_client_v4010"
172.21.10.15 - - [23/May/2006:14:25:57 +0200] "POST /ocsinventory HTTP/1.1" 200 88 "-" "OCS-NG_windows_client_v4010"
172.18.10.1 - - [23/May/2006:14:26:18 +0200] "GET / HTTP/1.1" 200 2038 "-" "Mozilla/4.0 (compatible; MSIE 6.0; Windows NT 5.1; SV1)"
172.18.10.1 - - [23/May/2006:14:26:18 +0200] "GET /intranet.css HTTP/1.1" 304 - "http://intranet/" "Mozilla/4.0 (compatible; MSIE 6.0; Windows NT 5.1; SV1)"
172.21.102.6 - - [23/May/2006:14:26:20 +0200] "POST /ocsinventory HTTP/1.1" 200 83 "-" "OCS-NG_windows_client_v4010"
172.21.102.6 - - [23/May/2006:14:26:20 +0200] "POST /ocsinventory HTTP/1.1" 200 88 "-" "OCS-NG_windows_client_v4010"
172.16.0.1 - - [23/May/2006:14:27:20 +0200] "POST /ocsinventory HTTP/1.0" 200 83 "-" "OCS-NG_windows_client_v4010"
172.16.0.1 - - [23/May/2006:14:27:20 +0200] "POST /ocsinventory HTTP/1.0" 200 88 "-" "OCS-NG_windows_client_v4010"
172.21.10.48 - - [23/May/2006:14:31:20 +0200] "POST /ocsinventory HTTP/1.1" 200 83 "-" "OCS-NG_windows_client_v4010"
172.21.10.48 - - [23/May/2006:14:31:20 +0200] "POST /ocsinventory HTTP/1.1" 200 88 "-" "OCS-NG_windows_client_v4010"
172.21.10.23 - - [23/May/2006:14:31:58 +0200] "POST /ocsinventory HTTP/1.1" 200 83 "-" "OCS-NG_windows_client_v4010"
172.21.10.148 - - [23/May/2006:14:32:26 +0200] "POST /ocsinventory HTTP/1.1" 200 83 "-" "OCS-NG_windows_client_v4010"
172.21.10.148 - - [23/May/2006:14:32:26 +0200] "POST /ocsinventory HTTP/1.1" 200 88 "-" "OCS-NG_windows_client_v4010"
172.21.10.23 - - [23/May/2006:14:34:01 +0200] "POST /ocsinventory HTTP/1.1" 200 93 "-" "OCS-NG_windows_client_v4010"
172.21.10.23 - - [23/May/2006:14:34:02 +0200] "POST /ocsinventory HTTP/1.1" 200 88 "-" "OCS-NG_windows_client_v4010"
172.17.10.5 - - [23/May/2006:14:34:05 +0200] "GET / HTTP/1.1" 200 2038 "-" "Mozilla/4.0 (compatible; MSIE 6.0; Windows NT 5.1; SV1)"
172.17.10.5 - - [23/May/2006:14:34:05 +0200] "GET /intranet.css HTTP/1.1" 200 4320 "http://intranet/" "Mozilla/4.0 (compatible; MSIE 6.0; Windows NT 5.1; SV1)"
172.17.10.5 - - [23/May/2006:14:34:05 +0200] "GET /images/ok.gif HTTP/1.1" 200 476 "http://intranet/" "Mozilla/4.0 (compatible; MSIE 6.0; Windows NT 5.1; SV1)"
172.17.10.5 - - [23/May/2006:14:34:05 +0200] "GET /images/fond.jpg HTTP/1.1" 200 51310 "http://intranet/" "Mozilla/4.0 (compatible; MSIE 6.0; Windows NT 5.1; SV1)"
172.21.10.13 - - [23/May/2006:14:34:19 +0200] "GET / HTTP/1.1" 200 2038 "-" "Mozilla/4.0 (compatible; MSIE 6.0; Windows NT 5.0; .NET CLR 1.1.4322)"
172.21.10.13 - - [23/May/2006:14:34:21 +0200] "GET /intranet.css HTTP/1.1" 304 - "http://intranet/" "Mozilla/4.0 (compatible; MSIE 6.0; Windows NT 5.0; .NET CLR 1.1.4322)"
172.18.10.1 - - [23/May/2006:14:37:01 +0200] "GET / HTTP/1.1" 200 2038 "-" "Mozilla/4.0 (compatible; MSIE 6.0; Windows NT 5.1; SV1)"
172.18.10.1 - - [23/May/2006:14:37:01 +0200] "GET /intranet.css HTTP/1.1" 304 - "http://intranet/" "Mozilla/4.0 (compatible; MSIE 6.0; Windows NT 5.1; SV1)"
172.18.10.1 - - [23/May/2006:14:37:17 +0200] "GET /ocsreports HTTP/1.1" 301 370 "-" "Mozilla/4.0 (compatible; MSIE 6.0; Windows NT 5.1; SV1)"
172.18.10.1 - - [23/May/2006:14:37:17 +0200] "GET /ocsreports/ HTTP/1.1" 200 1865 "-" "Mozilla/4.0 (compatible; MSIE 6.0; Windows NT 5.1; SV1)"
172.18.10.1 - - [23/May/2006:14:37:17 +0200] "GET /ocsreports/css/ocsreports.css HTTP/1.1" 304 - "http://172.16.0.2/ocsreports/" "Mozilla/4.0 (compatible; MSIE 6.0; Windows NT 5.1; SV1)"
172.18.10.1 - - [23/May/2006:14:37:17 +0200] "GET /ocsreports/datetimepicker.js HTTP/1.1" 304 - "http://172.16.0.2/ocsreports/" "Mozilla/4.0 (compatible; MSIE 6.0; Windows NT 5.1; SV1)"
172.18.10.1 - - [23/May/2006:14:37:17 +0200] "GET /ocsreports/image/logo%20OCS-ng-48.png HTTP/1.1" 304 - "http://172.16.0.2/ocsreports/" "Mozilla/4.0 (compatible; MSIE 6.0; Windows NT 5.1; SV1)"
172.18.10.1 - - [23/May/2006:14:37:17 +0200] "GET /ocsreports/image/banner-ocs.png HTTP/1.1" 304 - "http://172.16.0.2/ocsreports/" "Mozilla/4.0 (compatible; MSIE 6.0; Windows NT 5.1; SV1)"
172.18.10.1 - - [23/May/2006:14:37:17 +0200] "GET /ocsreports/languages/brazilian_portuguese.png HTTP/1.1" 304 - "http://172.16.0.2/ocsreports/" "Mozilla/4.0 (compatible; MSIE 6.0; Windows NT 5.1; SV1)"
172.18.10.1 - - [23/May/2006:14:37:18 +0200] "GET /ocsreports/languages/english.png HTTP/1.1" 304 - "http://172.16.0.2/ocsreports/" "Mozilla/4.0 (compatible; MSIE 6.0; Windows NT 5.1; SV1)"
172.18.10.1 - - [23/May/2006:14:37:19 +0200] "GET /ocsreports/languages/french.png HTTP/1.1" 304 - "http://172.16.0.2/ocsreports/" "Mozilla/4.0 (compatible; MSIE 6.0; Windows NT 5.1; SV1)"
172.18.10.1 - - [23/May/2006:14:37:19 +0200] "GET /ocsreports/languages/german.png HTTP/1.1" 304 - "http://172.16.0.2/ocsreports/" "Mozilla/4.0 (compatible; MSIE 6.0; Windows NT 5.1; SV1)"
172.18.10.1 - - [23/May/2006:14:37:19 +0200] "GET /ocsreports/languages/spanish.png HTTP/1.1" 304 - "http://172.16.0.2/ocsreports/" "Mozilla/4.0 (compatible; MSIE 6.0; Windows NT 5.1; SV1)"
172.18.10.1 - - [23/May/2006:14:37:33 +0200] "POST /ocsreports/index.php HTTP/1.1" 200 15425 "http://172.16.0.2/ocsreports/" "Mozilla/4.0 (compatible; MSIE 6.0; Windows NT 5.1; SV1)"
172.18.10.1 - - [23/May/2006:14:37:34 +0200] "GET /ocsreports/image/supp.png HTTP/1.1" 304 - "http://172.16.0.2/ocsreports/index.php" "Mozilla/4.0 (compatible; MSIE 6.0; Windows NT 5.1; SV1)"
172.21.10.13 - - [23/May/2006:14:37:39 +0200] "GET / HTTP/1.1" 200 2038 "-" "Mozilla/4.0 (compatible; MSIE 6.0; Windows NT 5.0; .NET CLR 1.1.4322)"
172.18.10.1 - - [23/May/2006:14:37:39 +0200] "POST /ocsreports/index.php HTTP/1.1" 200 6559 "http://172.16.0.2/ocsreports/index.php" "Mozilla/4.0 (compatible; MSIE 6.0; Windows NT 5.1; SV1)"
172.21.10.13 - - [23/May/2006:14:37:41 +0200] "GET /intranet.css HTTP/1.1" 304 - "http://intranet/" "Mozilla/4.0 (compatible; MSIE 6.0; Windows NT 5.0; .NET CLR 1.1.4322)"
172.18.10.1 - - [23/May/2006:14:37:42 +0200] "POST /ocsreports/index.php?multi=1 HTTP/1.1" 200 4197 "http://172.16.0.2/ocsreports/index.php" "Mozilla/4.0 (compatible; MSIE 6.0; Windows NT 5.1; SV1)"
172.18.10.1 - - [23/May/2006:14:37:49 +0200] "POST /ocsreports/index.php?multi=1 HTTP/1.1" 200 17657 "http://172.16.0.2/ocsreports/index.php?multi=1" "Mozilla/4.0 (compatible; MSIE 6.0; Windows NT 5.1; SV1)"
172.18.10.1 - - [23/May/2006:14:37:52 +0200] "GET /ocsreports/index.php?&multi=1&c=4&a=0&rev=1&page=1 HTTP/1.1" 200 18014 "http://172.16.0.2/ocsreports/index.php?multi=1" "Mozilla/4.0 (compatible; MSIE 6.0; Windows NT 5.1; SV1)"
172.18.10.1 - - [23/May/2006:14:38:09 +0200] "GET /ocsreports/index.php?&multi=1&c=4&a=0&page=1&page=-2 HTTP/1.1" 200 18337 "http://172.16.0.2/ocsreports/index.php?&multi=1&c=4&a=0&rev=1&page=1" "Mozilla/4.0 (compatible; MSIE 6.0; Windows NT 5.1; SV1)"
172.17.10.4 - - [23/May/2006:14:38:15 +0200] "GET / HTTP/1.1" 200 2038 "-" "Mozilla/4.0 (compatible; MSIE 6.0; Windows NT 5.1; SV1)"
172.17.10.4 - - [23/May/2006:14:38:15 +0200] "GET /intranet.css HTTP/1.1" 304 - "http://intranet/" "Mozilla/4.0 (compatible; MSIE 6.0; Windows NT 5.1; SV1)"
172.17.10.4 - - [23/May/2006:14:38:22 +0200] "POST /verif.php HTTP/1.1" 302 - "http://intranet/" "Mozilla/4.0 (compatible; MSIE 6.0; Windows NT 5.1; SV1)"
172.17.10.4 - - [23/May/2006:14:38:22 +0200] "GET /index.php?login=erreur HTTP/1.1" 200 2068 "http://intranet/" "Mozilla/4.0 (compatible; MSIE 6.0; Windows NT 5.1; SV1)"
172.17.10.4 - - [23/May/2006:14:38:24 +0200] "GET / HTTP/1.1" 200 2038 "-" "Mozilla/4.0 (compatible; MSIE 6.0; Windows NT 5.1; SV1)"
172.17.10.4 - - [23/May/2006:14:38:42 +0200] "GET / HTTP/1.1" 200 2038 "-" "Mozilla/4.0 (compatible; MSIE 6.0; Windows NT 5.1; SV1)"
172.17.10.4 - - [23/May/2006:14:38:42 +0200] "GET /intranet.css HTTP/1.1" 304 - "http://intranet/" "Mozilla/4.0 (compatible; MSIE 6.0; Windows NT 5.1; SV1)"
172.18.10.1 - - [23/May/2006:14:38:58 +0200] "GET /ocsreports/index.php?&multi=1&c=4&a=0&page=2&page=-2 HTTP/1.1" 200 15335 "http://172.16.0.2/ocsreports/index.php?&multi=1&c=4&a=0&page=1&page=-2" "Mozilla/4.0 (compatible; MSIE 6.0; Windows NT 5.1; SV1)"
172.18.10.1 - - [23/May/2006:14:39:11 +0200] "GET /ocsreports/index.php?multi=1&c=4&a=0&page=3&pcparpage=20 HTTP/1.1" 200 8847 "http://172.16.0.2/ocsreports/index.php?&multi=1&c=4&a=0&page=2&page=-2" "Mozilla/4.0 (compatible; MSIE 6.0; Windows NT 5.1; SV1)"
172.18.10.1 - - [23/May/2006:14:39:13 +0200] "GET /ocsreports/index.php?&multi=1&c=4&a=0&page=3&pcparpage=20&page=-1 HTTP/1.1" 200 22082 "http://172.16.0.2/ocsreports/index.php?multi=1&c=4&a=0&page=3&pcparpage=20" "Mozilla/4.0 (compatible; MSIE 6.0; Windows NT 5.1; SV1)"
172.18.10.1 - - [23/May/2006:14:39:17 +0200] "GET /ocsreports/index.php?multi=1&c=4&a=0&page=2&pcparpage=20&pcparpage=50 HTTP/1.1" 200 35612 "http://172.16.0.2/ocsreports/index.php?&multi=1&c=4&a=0&page=3&pcparpage=20&page=-1" "Mozilla/4.0 (compatible; MSIE 6.0; Windows NT 5.1; SV1)"
172.18.10.1 - - [23/May/2006:14:39:21 +0200] "GET /ocsreports/index.php?multi=1&c=4&a=0&page=2&pcparpage=50&pcparpage=20 HTTP/1.1" 200 22081 "http://172.16.0.2/ocsreports/index.php?multi=1&c=4&a=0&page=2&pcparpage=20&pcparpage=50" "Mozilla/4.0 (compatible; MSIE 6.0; Windows NT 5.1; SV1)"
172.18.10.1 - - [23/May/2006:14:39:29 +0200] "GET /ocsreports/index.php?multi=1&c=4&a=0&page=2&pcparpage=20&pcparpage=50 HTTP/1.1" 200 35612 "http://172.16.0.2/ocsreports/index.php?multi=1&c=4&a=0&page=2&pcparpage=50&pcparpage=20" "Mozilla/4.0 (compatible; MSIE 6.0; Windows NT 5.1; SV1)"
172.18.10.1 - - [23/May/2006:14:39:29 +0200] "GET /ocsreports/index.php?multi=1&c=4&a=0&page=2&pcparpage=20&pcparpage=100 HTTP/1.1" 200 35626 "http://172.16.0.2/ocsreports/index.php?multi=1&c=4&a=0&page=2&pcparpage=50&pcparpage=20" "Mozilla/4.0 (compatible; MSIE 6.0; Windows NT 5.1; SV1)"
172.18.10.1 - - [23/May/2006:14:39:31 +0200] "GET /ocsreports/index.php?multi=1&c=4&a=0&page=2&pcparpage=100&pcparpage=20 HTTP/1.1" 200 22081 "http://172.16.0.2/ocsreports/index.php?multi=1&c=4&a=0&page=2&pcparpage=20&pcparpage=100" "Mozilla/4.0 (compatible; MSIE 6.0; Windows NT 5.1; SV1)"
172.18.10.1 - - [23/May/2006:14:39:39 +0200] "GET /ocsreports/index.php?&multi=1&c=4&a=0&page=2&pcparpage=20&page=1 HTTP/1.1" 200 21732 "http://172.16.0.2/ocsreports/index.php?multi=1&c=4&a=0&page=2&pcparpage=100&pcparpage=20" "Mozilla/4.0 (compatible; MSIE 6.0; Windows NT 5.1; SV1)"
172.21.10.183 - - [23/May/2006:14:40:05 +0200] "POST /ocsinventory HTTP/1.1" 200 83 "-" "OCS-NG_windows_client_v4010"
172.21.10.183 - - [23/May/2006:14:40:10 +0200] "POST /ocsinventory HTTP/1.1" 200 93 "-" "OCS-NG_windows_client_v4010"
172.21.10.183 - - [23/May/2006:14:40:11 +0200] "POST /ocsinventory HTTP/1.1" 200 88 "-" "OCS-NG_windows_client_v4010"
172.21.103.3 - - [23/May/2006:14:41:26 +0200] "POST /ocsinventory HTTP/1.1" 200 83 "-" "OCS-NG_windows_client_v4010"
172.21.103.3 - - [23/May/2006:14:41:26 +0200] "POST /ocsinventory HTTP/1.1" 200 88 "-" "OCS-NG_windows_client_v4010"
172.21.10.75 - - [23/May/2006:14:42:51 +0200] "POST /ocsinventory HTTP/1.1" 200 83 "-" "OCS-NG_windows_client_v4010"
172.21.10.196 - - [23/May/2006:14:44:29 +0200] "GET / HTTP/1.1" 200 2038 "-" "Mozilla/4.0 (compatible; MSIE 6.0; Windows NT 5.1; SV1)"
172.21.10.196 - - [23/May/2006:14:44:29 +0200] "GET /intranet.css HTTP/1.1" 304 - "http://intranet/" "Mozilla/4.0 (compatible; MSIE 6.0; Windows NT 5.1; SV1)"
172.21.10.196 - - [23/May/2006:14:44:29 +0200] "GET / HTTP/1.1" 200 2038 "-" "Mozilla/4.0 (compatible; MSIE 6.0; Windows NT 5.1; SV1)"
172.21.10.75 - - [23/May/2006:14:44:49 +0200] "POST /ocsinventory HTTP/1.1" 200 93 "-" "OCS-NG_windows_client_v4010"
172.21.10.75 - - [23/May/2006:14:44:49 +0200] "POST /ocsinventory HTTP/1.1" 200 88 "-" "OCS-NG_windows_client_v4010"
172.21.104.17 - - [23/May/2006:14:45:48 +0200] "POST /ocsinventory HTTP/1.1" 200 83 "-" "OCS-NG_windows_client_v4010"
172.21.104.17 - - [23/May/2006:14:45:48 +0200] "POST /ocsinventory HTTP/1.1" 200 88 "-" "OCS-NG_windows_client_v4010"
172.20.10.22 - - [23/May/2006:14:45:52 +0200] "GET / HTTP/1.1" 200 2038 "-" "Mozilla/4.0 (compatible; MSIE 6.0; Windows NT 5.1; SV1; .NET CLR 1.1.4322)"
172.20.10.22 - - [23/May/2006:14:45:52 +0200] "GET / HTTP/1.1" 200 2038 "-" "Mozilla/4.0 (compatible; MSIE 6.0; Windows NT 5.1; SV1; .NET CLR 1.1.4322)"
172.20.10.22 - - [23/May/2006:14:45:52 +0200] "GET /intranet.css HTTP/1.1" 304 - "http://intranet/" "Mozilla/4.0 (compatible; MSIE 6.0; Windows NT 5.1; SV1; .NET CLR 1.1.4322)"
172.20.10.22 - - [23/May/2006:14:45:52 +0200] "GET /intranet.css HTTP/1.1" 304 - "http://intranet/" "Mozilla/4.0 (compatible; MSIE 6.0; Windows NT 5.1; SV1; .NET CLR 1.1.4322)"
172.20.10.22 - - [23/May/2006:14:45:57 +0200] "GET /indus/ HTTP/1.1" 304 - "http://intranet/" "Mozilla/4.0 (compatible; MSIE 6.0; Windows NT 5.1; SV1; .NET CLR 1.1.4322)"
172.20.10.22 - - [23/May/2006:14:45:57 +0200] "GET /indus/code/titre.htm HTTP/1.1" 304 - "http://intranet/indus/" "Mozilla/4.0 (compatible; MSIE 6.0; Windows NT 5.1; SV1; .NET CLR 1.1.4322)"
172.20.10.22 - - [23/May/2006:14:45:57 +0200] "GET /indus/code/sommaire/sommaire.php HTTP/1.1" 200 471 "http://intranet/indus/" "Mozilla/4.0 (compatible; MSIE 6.0; Windows NT 5.1; SV1; .NET CLR 1.1.4322)"
172.20.10.22 - - [23/May/2006:14:45:57 +0200] "GET /indus/code/accueil/accueil.php HTTP/1.1" 200 3135 "http://intranet/indus/" "Mozilla/4.0 (compatible; MSIE 6.0; Windows NT 5.1; SV1; .NET CLR 1.1.4322)"
172.20.10.22 - - [23/May/2006:14:45:57 +0200] "GET /indus/code/tse.css HTTP/1.1" 304 - "http://intranet/indus/code/sommaire/sommaire.php" "Mozilla/4.0 (compatible; MSIE 6.0; Windows NT 5.1; SV1; .NET CLR 1.1.4322)"
172.20.10.22 - - [23/May/2006:14:45:57 +0200] "GET /indus/code/sommaire/img/sommaire.js HTTP/1.1" 304 - "http://intranet/indus/code/sommaire/sommaire.php" "Mozilla/4.0 (compatible; MSIE 6.0; Windows NT 5.1; SV1; .NET CLR 1.1.4322)"
172.20.10.22 - - [23/May/2006:14:46:00 +0200] "GET /indus/code/session/ident.php HTTP/1.1" 200 1574 "http://intranet/indus/code/sommaire/sommaire.php" "Mozilla/4.0 (compatible; MSIE 6.0; Windows NT 5.1; SV1; .NET CLR 1.1.4322)"
172.21.103.4 - - [23/May/2006:14:46:07 +0200] "POST /ocsinventory HTTP/1.1" 200 83 "-" "OCS-NG_windows_client_v4010"
172.21.103.4 - - [23/May/2006:14:46:07 +0200] "POST /ocsinventory HTTP/1.1" 200 88 "-" "OCS-NG_windows_client_v4010"
172.20.10.22 - - [23/May/2006:14:46:13 +0200] "POST /indus/code/session/ident.php HTTP/1.1" 200 2097 "http://intranet/indus/code/session/ident.php" "Mozilla/4.0 (compatible; MSIE 6.0; Windows NT 5.1; SV1; .NET CLR 1.1.4322)"
172.20.10.22 - - [23/May/2006:14:46:13 +0200] "GET /indus/code/sommaire/sommaire.php HTTP/1.1" 200 520 "http://intranet/indus/" "Mozilla/4.0 (compatible; MSIE 6.0; Windows NT 5.1; SV1; .NET CLR 1.1.4322)"
172.20.10.22 - - [23/May/2006:14:46:13 +0200] "GET /indus/code/sommaire/img/sommaireadm.js HTTP/1.1" 304 - "http://intranet/indus/code/sommaire/sommaire.php" "Mozilla/4.0 (compatible; MSIE 6.0; Windows NT 5.1; SV1; .NET CLR 1.1.4322)"
172.20.10.22 - - [23/May/2006:14:46:15 +0200] "GET /indus/code/reseau/reseau.php HTTP/1.1" 200 7692 "http://intranet/indus/code/sommaire/sommaire.php" "Mozilla/4.0 (compatible; MSIE 6.0; Windows NT 5.1; SV1; .NET CLR 1.1.4322)"
172.20.10.22 - - [23/May/2006:14:46:15 +0200] "GET /indus/code/reseau/xaramenu.js HTTP/1.1" 304 - "http://intranet/indus/code/reseau/reseau.php" "Mozilla/4.0 (compatible; MSIE 6.0; Windows NT 5.1; SV1; .NET CLR 1.1.4322)"
172.20.10.22 - - [23/May/2006:14:46:15 +0200] "GET /indus/code/reseau/img/reseau.js HTTP/1.1" 304 - "http://intranet/indus/code/reseau/reseau.php" "Mozilla/4.0 (compatible; MSIE 6.0; Windows NT 5.1; SV1; .NET CLR 1.1.4322)"
172.20.10.22 - - [23/May/2006:14:46:15 +0200] "GET /indus/images/navig/IconeInformation.gif HTTP/1.1" 404 368 "http://intranet/indus/code/reseau/reseau.php" "Mozilla/4.0 (compatible; MSIE 6.0; Windows NT 5.1; SV1; .NET CLR 1.1.4322)"
172.20.10.22 - - [23/May/2006:14:46:16 +0200] "GET /indus/code/reseau/resactu.php HTTP/1.1" 200 19753 "http://intranet/indus/code/reseau/reseau.php" "Mozilla/4.0 (compatible; MSIE 6.0; Windows NT 5.1; SV1; .NET CLR 1.1.4322)"
172.20.10.22 - - [23/May/2006:14:46:16 +0200] "GET /indus/code/reseau/img/reseauadm.js HTTP/1.1" 304 - "http://intranet/indus/code/reseau/resactu.php" "Mozilla/4.0 (compatible; MSIE 6.0; Windows NT 5.1; SV1; .NET CLR 1.1.4322)"
172.20.10.22 - - [23/May/2006:14:46:16 +0200] "GET /indus/code/reseau/img/reseau_b3_over.png HTTP/1.1" 304 - "http://intranet/indus/code/reseau/resactu.php" "Mozilla/4.0 (compatible; MSIE 6.0; Windows NT 5.1; SV1; .NET CLR 1.1.4322)"
172.20.10.22 - - [23/May/2006:14:46:16 +0200] "GET /indus/code/reseau/img/reseau_b3.png HTTP/1.1" 304 - "http://intranet/indus/code/reseau/resactu.php" "Mozilla/4.0 (compatible; MSIE 6.0; Windows NT 5.1; SV1; .NET CLR 1.1.4322)"
172.20.10.22 - - [23/May/2006:14:46:16 +0200] "GET /indus/code/reseau/img/reseau_b6_over.png HTTP/1.1" 304 - "http://intranet/indus/code/reseau/resactu.php" "Mozilla/4.0 (compatible; MSIE 6.0; Windows NT 5.1; SV1; .NET CLR 1.1.4322)"
172.20.10.22 - - [23/May/2006:14:46:16 +0200] "GET /indus/code/reseau/img/reseau_b6.png HTTP/1.1" 304 - "http://intranet/indus/code/reseau/resactu.php" "Mozilla/4.0 (compatible; MSIE 6.0; Windows NT 5.1; SV1; .NET CLR 1.1.4322)"
172.20.10.22 - - [23/May/2006:14:46:18 +0200] "GET /indus/code/reseau/reseaubilan.php HTTP/1.1" 200 9780 "http://intranet/indus/code/reseau/resactu.php" "Mozilla/4.0 (compatible; MSIE 6.0; Windows NT 5.1; SV1; .NET CLR 1.1.4322)"
172.20.10.22 - - [23/May/2006:14:46:24 +0200] "POST /indus/code/reseau/reseaubilan.php HTTP/1.1" 200 6800 "http://intranet/indus/code/reseau/reseaubilan.php" "Mozilla/4.0 (compatible; MSIE 6.0; Windows NT 5.1; SV1; .NET CLR 1.1.4322)"
172.16.0.1 - - [23/May/2006:14:46:33 +0200] "POST /ocsinventory HTTP/1.0" 200 83 "-" "OCS-NG_windows_client_v4010"
172.16.0.1 - - [23/May/2006:14:46:33 +0200] "POST /ocsinventory HTTP/1.0" 200 88 "-" "OCS-NG_windows_client_v4010"
172.18.10.1 - - [23/May/2006:14:47:18 +0200] "GET /ocsreports/index.php?&multi=1&c=4&a=0&page=2&pcparpage=20&page=1 HTTP/1.1" 200 21732 "http://172.16.0.2/ocsreports/index.php?multi=1&c=4&a=0&page=2&pcparpage=100&pcparpage=20" "Mozilla/4.0 (compatible; MSIE 6.0; Windows NT 5.1; SV1)"
172.18.10.1 - - [23/May/2006:14:47:18 +0200] "GET /ocsreports/css/ocsreports.css HTTP/1.1" 304 - "http://172.16.0.2/ocsreports/index.php?&multi=1&c=4&a=0&page=2&pcparpage=20&page=1" "Mozilla/4.0 (compatible; MSIE 6.0; Windows NT 5.1; SV1)"
172.18.10.1 - - [23/May/2006:14:47:18 +0200] "GET /ocsreports/datetimepicker.js HTTP/1.1" 304 - "http://172.16.0.2/ocsreports/index.php?&multi=1&c=4&a=0&page=2&pcparpage=20&page=1" "Mozilla/4.0 (compatible; MSIE 6.0; Windows NT 5.1; SV1)"
172.18.10.1 - - [23/May/2006:14:47:18 +0200] "GET /ocsreports/image/logo%20OCS-ng-48.png HTTP/1.1" 304 - "http://172.16.0.2/ocsreports/index.php?&multi=1&c=4&a=0&page=2&pcparpage=20&page=1" "Mozilla/4.0 (compatible; MSIE 6.0; Windows NT 5.1; SV1)"
172.18.10.1 - - [23/May/2006:14:47:18 +0200] "GET /ocsreports/image/banner-ocs.png HTTP/1.1" 304 - "http://172.16.0.2/ocsreports/index.php?&multi=1&c=4&a=0&page=2&pcparpage=20&page=1" "Mozilla/4.0 (compatible; MSIE 6.0; Windows NT 5.1; SV1)"
172.18.10.1 - - [23/May/2006:14:47:18 +0200] "GET /ocsreports/image/supp.png HTTP/1.1" 304 - "http://172.16.0.2/ocsreports/index.php?&multi=1&c=4&a=0&page=2&pcparpage=20&page=1" "Mozilla/4.0 (compatible; MSIE 6.0; Windows NT 5.1; SV1)"
172.21.103.3 - - [23/May/2006:14:48:10 +0200] "POST /ocsinventory HTTP/1.1" 200 83 "-" "OCS-NG_windows_client_v4010"
172.21.103.3 - - [23/May/2006:14:48:10 +0200] "POST /ocsinventory HTTP/1.1" 200 88 "-" "OCS-NG_windows_client_v4010"
172.17.10.4 - - [23/May/2006:14:50:03 +0200] "GET / HTTP/1.1" 200 2038 "-" "Mozilla/4.0 (compatible; MSIE 6.0; Windows NT 5.1; SV1)"
172.17.10.4 - - [23/May/2006:14:50:03 +0200] "GET /intranet.css HTTP/1.1" 304 - "http://intranet/" "Mozilla/4.0 (compatible; MSIE 6.0; Windows NT 5.1; SV1)"
172.16.0.1 - - [23/May/2006:14:50:23 +0200] "GET /redirect/ HTTP/1.1" 302 - "-" "Mozilla/4.0 (compatible; MSIE 6.0; Windows NT 5.1; SV1)"
172.16.0.1 - - [23/May/2006:14:50:23 +0200] "GET /indus/ HTTP/1.1" 304 - "-" "Mozilla/4.0 (compatible; MSIE 6.0; Windows NT 5.1; SV1)"
172.16.0.1 - - [23/May/2006:14:50:25 +0200] "GET /indus/code/titre.htm HTTP/1.1" 304 - "http://lva93.ac-creteil.fr/indus/" "Mozilla/4.0 (compatible; MSIE 6.0; Windows NT 5.1; SV1)"
172.16.0.1 - - [23/May/2006:14:50:25 +0200] "GET /indus/code/sommaire/sommaire.php HTTP/1.1" 200 471 "http://lva93.ac-creteil.fr/indus/" "Mozilla/4.0 (compatible; MSIE 6.0; Windows NT 5.1; SV1)"
172.16.0.1 - - [23/May/2006:14:50:25 +0200] "GET /indus/code/accueil/accueil.php HTTP/1.1" 200 3135 "http://lva93.ac-creteil.fr/indus/" "Mozilla/4.0 (compatible; MSIE 6.0; Windows NT 5.1; SV1)"
172.16.0.1 - - [23/May/2006:14:50:25 +0200] "GET /indus/images/entete4.jpg HTTP/1.1" 304 - "http://lva93.ac-creteil.fr/indus/code/titre.htm" "Mozilla/4.0 (compatible; MSIE 6.0; Windows NT 5.1; SV1)"
172.16.0.1 - - [23/May/2006:14:50:25 +0200] "GET /indus/code/tse.css HTTP/1.1" 304 - "http://lva93.ac-creteil.fr/indus/code/sommaire/sommaire.php" "Mozilla/4.0 (compatible; MSIE 6.0; Windows NT 5.1; SV1)"
172.16.0.1 - - [23/May/2006:14:50:25 +0200] "GET /indus/images/gears_grey_md_wht.jpg HTTP/1.1" 304 - "http://lva93.ac-creteil.fr/indus/code/sommaire/sommaire.php" "Mozilla/4.0 (compatible; MSIE 6.0; Windows NT 5.1; SV1)"
172.16.0.1 - - [23/May/2006:14:50:26 +0200] "GET /indus/code/sommaire/img/sommaire.js HTTP/1.1" 304 - "http://lva93.ac-creteil.fr/indus/code/sommaire/sommaire.php" "Mozilla/4.0 (compatible; MSIE 6.0; Windows NT 5.1; SV1)"
172.16.0.1 - - [23/May/2006:14:50:26 +0200] "GET /indus/code/sommaire/img/menu__top.png HTTP/1.1" 304 - "http://lva93.ac-creteil.fr/indus/code/sommaire/sommaire.php" "Mozilla/4.0 (compatible; MSIE 6.0; Windows NT 5.1; SV1)"
172.16.0.1 - - [23/May/2006:14:50:26 +0200] "GET /indus/code/sommaire/img/menu__b1.png HTTP/1.1" 304 - "http://lva93.ac-creteil.fr/indus/code/sommaire/sommaire.php" "Mozilla/4.0 (compatible; MSIE 6.0; Windows NT 5.1; SV1)"
172.16.0.1 - - [23/May/2006:14:50:26 +0200] "GET /indus/code/sommaire/img/menu__b1_over.png HTTP/1.1" 304 - "http://lva93.ac-creteil.fr/indus/code/sommaire/sommaire.php" "Mozilla/4.0 (compatible; MSIE 6.0; Windows NT 5.1; SV1)"
172.16.0.1 - - [23/May/2006:14:50:26 +0200] "GET /indus/code/sommaire/img/menu__b6.png HTTP/1.1" 304 - "http://lva93.ac-creteil.fr/indus/code/sommaire/sommaire.php" "Mozilla/4.0 (compatible; MSIE 6.0; Windows NT 5.1; SV1)"
172.16.0.1 - - [23/May/2006:14:50:26 +0200] "GET /indus/code/sommaire/img/menu__b6_over.png HTTP/1.1" 304 - "http://lva93.ac-creteil.fr/indus/code/sommaire/sommaire.php" "Mozilla/4.0 (compatible; MSIE 6.0; Windows NT 5.1; SV1)"
172.16.0.1 - - [23/May/2006:14:50:26 +0200] "GET /indus/code/sommaire/img/menu__b10.png HTTP/1.1" 304 - "http://lva93.ac-creteil.fr/indus/code/sommaire/sommaire.php" "Mozilla/4.0 (compatible; MSIE 6.0; Windows NT 5.1; SV1)"
172.16.0.1 - - [23/May/2006:14:50:26 +0200] "GET /indus/code/sommaire/img/menu__b10_over.png HTTP/1.1" 304 - "http://lva93.ac-creteil.fr/indus/code/sommaire/sommaire.php" "Mozilla/4.0 (compatible; MSIE 6.0; Windows NT 5.1; SV1)"
172.16.0.1 - - [23/May/2006:14:50:26 +0200] "GET /indus/code/sommaire/img/menu__b11.png HTTP/1.1" 304 - "http://lva93.ac-creteil.fr/indus/code/sommaire/sommaire.php" "Mozilla/4.0 (compatible; MSIE 6.0; Windows NT 5.1; SV1)"
172.16.0.1 - - [23/May/2006:14:50:26 +0200] "GET /indus/code/sommaire/img/menu__b11_over.png HTTP/1.1" 304 - "http://lva93.ac-creteil.fr/indus/code/sommaire/sommaire.php" "Mozilla/4.0 (compatible; MSIE 6.0; Windows NT 5.1; SV1)"
172.16.0.1 - - [23/May/2006:14:50:27 +0200] "GET /indus/code/sommaire/img/menu__bottom.png HTTP/1.1" 304 - "http://lva93.ac-creteil.fr/indus/code/sommaire/sommaire.php" "Mozilla/4.0 (compatible; MSIE 6.0; Windows NT 5.1; SV1)"
172.18.10.1 - - [23/May/2006:14:50:30 +0200] "GET /ocsreports/index.php?&multi=1&c=4&a=0&page=2&pcparpage=20&page=1 HTTP/1.1" 200 21732 "http://172.16.0.2/ocsreports/index.php?multi=1&c=4&a=0&page=2&pcparpage=100&pcparpage=20" "Mozilla/4.0 (compatible; MSIE 6.0; Windows NT 5.1; SV1)"
172.18.10.1 - - [23/May/2006:14:50:30 +0200] "GET /ocsreports/css/ocsreports.css HTTP/1.1" 304 - "http://172.16.0.2/ocsreports/index.php?&multi=1&c=4&a=0&page=2&pcparpage=20&page=1" "Mozilla/4.0 (compatible; MSIE 6.0; Windows NT 5.1; SV1)"
172.18.10.1 - - [23/May/2006:14:50:30 +0200] "GET /ocsreports/datetimepicker.js HTTP/1.1" 304 - "http://172.16.0.2/ocsreports/index.php?&multi=1&c=4&a=0&page=2&pcparpage=20&page=1" "Mozilla/4.0 (compatible; MSIE 6.0; Windows NT 5.1; SV1)"
172.18.10.1 - - [23/May/2006:14:50:30 +0200] "GET /ocsreports/image/logo%20OCS-ng-48.png HTTP/1.1" 304 - "http://172.16.0.2/ocsreports/index.php?&multi=1&c=4&a=0&page=2&pcparpage=20&page=1" "Mozilla/4.0 (compatible; MSIE 6.0; Windows NT 5.1; SV1)"
172.18.10.1 - - [23/May/2006:14:50:30 +0200] "GET /ocsreports/image/banner-ocs.png HTTP/1.1" 304 - "http://172.16.0.2/ocsreports/index.php?&multi=1&c=4&a=0&page=2&pcparpage=20&page=1" "Mozilla/4.0 (compatible; MSIE 6.0; Windows NT 5.1; SV1)"
172.18.10.1 - - [23/May/2006:14:50:30 +0200] "GET /ocsreports/image/supp.png HTTP/1.1" 304 - "http://172.16.0.2/ocsreports/index.php?&multi=1&c=4&a=0&page=2&pcparpage=20&page=1" "Mozilla/4.0 (compatible; MSIE 6.0; Windows NT 5.1; SV1)"
172.18.10.1 - - [23/May/2006:14:50:34 +0200] "GET /ocsreports/index.php?&multi=1&pcparpage=20&c=4&a=0&rev=1&page=1 HTTP/1.1" 200 21786 "http://172.16.0.2/ocsreports/index.php?&multi=1&c=4&a=0&page=2&pcparpage=20&page=1" "Mozilla/4.0 (compatible; MSIE 6.0; Windows NT 5.1; SV1)"
172.18.10.1 - - [23/May/2006:14:50:37 +0200] "GET /ocsreports/index.php?&multi=1&pcparpage=20&c=4&a=1&rev=1&page=1 HTTP/1.1" 200 21732 "http://172.16.0.2/ocsreports/index.php?&multi=1&pcparpage=20&c=4&a=0&rev=1&page=1" "Mozilla/4.0 (compatible; MSIE 6.0; Windows NT 5.1; SV1)"
172.17.10.3 - - [23/May/2006:14:51:08 +0200] "GET / HTTP/1.1" 200 2038 "-" "Mozilla/4.0 (compatible; MSIE 6.0; Windows NT 5.1; SV1)"
172.17.10.3 - - [23/May/2006:14:51:08 +0200] "GET /intranet.css HTTP/1.1" 304 - "http://intranet/" "Mozilla/4.0 (compatible; MSIE 6.0; Windows NT 5.1; SV1)"
172.17.10.3 - - [23/May/2006:14:51:09 +0200] "GET /images/ok.gif HTTP/1.1" 304 - "http://intranet/" "Mozilla/4.0 (compatible; MSIE 6.0; Windows NT 5.1; SV1)"
172.17.10.3 - - [23/May/2006:14:51:09 +0200] "GET /images/fond.jpg HTTP/1.1" 304 - "http://intranet/" "Mozilla/4.0 (compatible; MSIE 6.0; Windows NT 5.1; SV1)"
172.21.102.2 - - [23/May/2006:14:52:51 +0200] "POST /ocsinventory HTTP/1.1" 200 83 "-" "OCS-NG_windows_client_v4010"
172.21.102.2 - - [23/May/2006:14:52:51 +0200] "POST /ocsinventory HTTP/1.1" 200 88 "-" "OCS-NG_windows_client_v4010"
172.16.0.1 - - [23/May/2006:14:53:32 +0200] "POST /ocsinventory HTTP/1.0" 200 83 "-" "OCS-NG_windows_client_v4010"
172.16.0.1 - - [23/May/2006:14:53:32 +0200] "POST /ocsinventory HTTP/1.0" 200 88 "-" "OCS-NG_windows_client_v4010"
172.18.10.1 - - [23/May/2006:14:53:55 +0200] "GET /ocsreports/index.php?&multi=1&pcparpage=20&c=4&a=1&rev=1&page=1 HTTP/1.1" 200 21732 "http://172.16.0.2/ocsreports/index.php?&multi=1&pcparpage=20&c=4&a=0&rev=1&page=1" "Mozilla/4.0 (compatible; MSIE 6.0; Windows NT 5.1; SV1)"
172.18.10.1 - - [23/May/2006:14:53:55 +0200] "GET /ocsreports/css/ocsreports.css HTTP/1.1" 304 - "http://172.16.0.2/ocsreports/index.php?&multi=1&pcparpage=20&c=4&a=1&rev=1&page=1" "Mozilla/4.0 (compatible; MSIE 6.0; Windows NT 5.1; SV1)"
172.18.10.1 - - [23/May/2006:14:53:55 +0200] "GET /ocsreports/datetimepicker.js HTTP/1.1" 304 - "http://172.16.0.2/ocsreports/index.php?&multi=1&pcparpage=20&c=4&a=1&rev=1&page=1" "Mozilla/4.0 (compatible; MSIE 6.0; Windows NT 5.1; SV1)"
172.18.10.1 - - [23/May/2006:14:53:55 +0200] "GET /ocsreports/image/logo%20OCS-ng-48.png HTTP/1.1" 304 - "http://172.16.0.2/ocsreports/index.php?&multi=1&pcparpage=20&c=4&a=1&rev=1&page=1" "Mozilla/4.0 (compatible; MSIE 6.0; Windows NT 5.1; SV1)"
172.18.10.1 - - [23/May/2006:14:53:55 +0200] "GET /ocsreports/image/banner-ocs.png HTTP/1.1" 304 - "http://172.16.0.2/ocsreports/index.php?&multi=1&pcparpage=20&c=4&a=1&rev=1&page=1" "Mozilla/4.0 (compatible; MSIE 6.0; Windows NT 5.1; SV1)"
172.18.10.1 - - [23/May/2006:14:53:55 +0200] "GET /ocsreports/image/supp.png HTTP/1.1" 304 - "http://172.16.0.2/ocsreports/index.php?&multi=1&pcparpage=20&c=4&a=1&rev=1&page=1" "Mozilla/4.0 (compatible; MSIE 6.0; Windows NT 5.1; SV1)"
172.18.10.1 - - [23/May/2006:14:53:59 +0200] "GET /ocsreports/index.php?multi=8 HTTP/1.1" 200 3826 "http://172.16.0.2/ocsreports/index.php?&multi=1&pcparpage=20&c=4&a=1&rev=1&page=1" "Mozilla/4.0 (compatible; MSIE 6.0; Windows NT 5.1; SV1)"
172.18.10.1 - - [23/May/2006:14:54:00 +0200] "GET /ocsreports/image/Gest_admin1.png HTTP/1.1" 200 739 "http://172.16.0.2/ocsreports/index.php?multi=8" "Mozilla/4.0 (compatible; MSIE 6.0; Windows NT 5.1; SV1)"
172.21.102.6 - - [23/May/2006:14:54:12 +0200] "POST /ocsinventory HTTP/1.1" 200 83 "-" "OCS-NG_windows_client_v4010"
172.21.102.6 - - [23/May/2006:14:54:12 +0200] "POST /ocsinventory HTTP/1.1" 200 88 "-" "OCS-NG_windows_client_v4010"
172.18.10.1 - - [23/May/2006:14:54:30 +0200] "GET /ocsreports/index.php?multi=13 HTTP/1.1" 200 2580 "http://172.16.0.2/ocsreports/index.php?multi=8" "Mozilla/4.0 (compatible; MSIE 6.0; Windows NT 5.1; SV1)"
172.18.10.1 - - [23/May/2006:14:54:35 +0200] "GET /ocsreports/index.php?multi=3 HTTP/1.1" 200 2799 "http://172.16.0.2/ocsreports/index.php?multi=13" "Mozilla/4.0 (compatible; MSIE 6.0; Windows NT 5.1; SV1)"
172.16.0.1 - - [23/May/2006:14:54:39 +0200] "POST /ocsinventory HTTP/1.0" 200 83 "-" "OCS-NG_windows_client_v4010"
172.16.0.1 - - [23/May/2006:14:54:39 +0200] "POST /ocsinventory HTTP/1.0" 200 88 "-" "OCS-NG_windows_client_v4010"
172.18.10.1 - - [23/May/2006:14:54:40 +0200] "GET /ocsreports/index.php?multi=3&mode=1 HTTP/1.1" 200 12031 "http://172.16.0.2/ocsreports/index.php?multi=3" "Mozilla/4.0 (compatible; MSIE 6.0; Windows NT 5.1; SV1)"
172.18.10.1 - - [23/May/2006:14:55:04 +0200] "GET /ocsreports/index.php?popup=1&multi=3&mode=5&pas=172.18.0.0 HTTP/1.1" 200 5186 "-" "Mozilla/4.0 (compatible; MSIE 6.0; Windows NT 5.1; SV1)"
172.18.10.1 - - [23/May/2006:14:55:04 +0200] "GET /ocsreports/css/ocsreports.css HTTP/1.1" 304 - "http://172.16.0.2/ocsreports/index.php?popup=1&multi=3&mode=5&pas=172.18.0.0" "Mozilla/4.0 (compatible; MSIE 6.0; Windows NT 5.1; SV1)"
172.18.10.1 - - [23/May/2006:14:55:04 +0200] "GET /ocsreports/datetimepicker.js HTTP/1.1" 304 - "http://172.16.0.2/ocsreports/index.php?popup=1&multi=3&mode=5&pas=172.18.0.0" "Mozilla/4.0 (compatible; MSIE 6.0; Windows NT 5.1; SV1)"
172.18.10.1 - - [23/May/2006:14:55:19 +0200] "GET /ocsreports/index.php?popup=1&multi=3&mode=4&pas=172.18.0.0 HTTP/1.1" 200 19144 "-" "Mozilla/4.0 (compatible; MSIE 6.0; Windows NT 5.1; SV1)"
172.18.10.1 - - [23/May/2006:14:55:19 +0200] "GET /ocsreports/css/ocsreports.css HTTP/1.1" 304 - "http://172.16.0.2/ocsreports/index.php?popup=1&multi=3&mode=4&pas=172.18.0.0" "Mozilla/4.0 (compatible; MSIE 6.0; Windows NT 5.1; SV1)"
172.18.10.1 - - [23/May/2006:14:55:19 +0200] "GET /ocsreports/datetimepicker.js HTTP/1.1" 304 - "http://172.16.0.2/ocsreports/index.php?popup=1&multi=3&mode=4&pas=172.18.0.0" "Mozilla/4.0 (compatible; MSIE 6.0; Windows NT 5.1; SV1)"
172.18.10.1 - - [23/May/2006:14:55:24 +0200] "GET /ocsreports/index.php?&popup=1&multi=3&mode=4&pas=172.18.0.0&page=-2 HTTP/1.1" 200 17889 "http://172.16.0.2/ocsreports/index.php?popup=1&multi=3&mode=4&pas=172.18.0.0" "Mozilla/4.0 (compatible; MSIE 6.0; Windows NT 5.1; SV1)"
172.18.10.1 - - [23/May/2006:14:55:30 +0200] "GET /ocsreports/index.php?&popup=1&multi=3&mode=4&pas=172.18.0.0&page=2&page=-1 HTTP/1.1" 200 19295 "http://172.16.0.2/ocsreports/index.php?&popup=1&multi=3&mode=4&pas=172.18.0.0&page=-2" "Mozilla/4.0 (compatible; MSIE 6.0; Windows NT 5.1; SV1)"
172.18.10.1 - - [23/May/2006:14:55:32 +0200] "GET /ocsreports/index.php?&popup=1&multi=3&mode=4&pas=172.18.0.0&c=3&a=0&rev=1&page=1 HTTP/1.1" 200 19528 "http://172.16.0.2/ocsreports/index.php?&popup=1&multi=3&mode=4&pas=172.18.0.0&page=2&page=-1" "Mozilla/4.0 (compatible; MSIE 6.0; Windows NT 5.1; SV1)"
172.18.10.1 - - [23/May/2006:14:55:49 +0200] "GET / HTTP/1.1" 200 2038 "-" "Mozilla/4.0 (compatible; MSIE 6.0; Windows NT 5.1; SV1)"
172.18.10.1 - - [23/May/2006:14:55:49 +0200] "GET /intranet.css HTTP/1.1" 304 - "http://intranet/" "Mozilla/4.0 (compatible; MSIE 6.0; Windows NT 5.1; SV1)"
172.17.10.3 - - [23/May/2006:14:56:01 +0200] "GET / HTTP/1.1" 200 2038 "-" "Mozilla/4.0 (compatible; MSIE 6.0; Windows NT 5.1; SV1)"
172.17.10.3 - - [23/May/2006:14:56:02 +0200] "GET /intranet.css HTTP/1.1" 304 - "http://intranet/" "Mozilla/4.0 (compatible; MSIE 6.0; Windows NT 5.1; SV1)"
172.17.10.3 - - [23/May/2006:14:56:02 +0200] "GET /images/ok.gif HTTP/1.1" 304 - "http://intranet/" "Mozilla/4.0 (compatible; MSIE 6.0; Windows NT 5.1; SV1)"
172.17.10.3 - - [23/May/2006:14:56:02 +0200] "GET /images/fond.jpg HTTP/1.1" 304 - "http://intranet/" "Mozilla/4.0 (compatible; MSIE 6.0; Windows NT 5.1; SV1)"
172.16.0.1 - - [23/May/2006:14:56:02 +0200] "POST /ocsinventory HTTP/1.0" 200 83 "-" "OCS-NG_windows_client_v4010"
172.16.0.1 - - [23/May/2006:14:56:05 +0200] "POST /ocsinventory HTTP/1.0" 200 88 "-" "OCS-NG_windows_client_v4010"
172.19.10.39 - - [23/May/2006:14:57:10 +0200] "GET / HTTP/1.1" 200 2038 "-" "Mozilla/4.0 (compatible; MSIE 6.0; Windows NT 5.1; SV1)"
172.19.10.39 - - [23/May/2006:14:57:10 +0200] "GET /intranet.css HTTP/1.1" 200 4320 "http://intranet/" "Mozilla/4.0 (compatible; MSIE 6.0; Windows NT 5.1; SV1)"
172.19.10.39 - - [23/May/2006:14:57:10 +0200] "GET /images/ok.gif HTTP/1.1" 200 476 "http://intranet/" "Mozilla/4.0 (compatible; MSIE 6.0; Windows NT 5.1; SV1)"
172.19.10.39 - - [23/May/2006:14:57:10 +0200] "GET /images/fond.jpg HTTP/1.1" 200 51310 "http://intranet/" "Mozilla/4.0 (compatible; MSIE 6.0; Windows NT 5.1; SV1)"
172.17.10.4 - - [23/May/2006:14:57:40 +0200] "GET / HTTP/1.1" 200 2038 "-" "Mozilla/4.0 (compatible; MSIE 6.0; Windows NT 5.1; SV1)"
172.17.10.4 - - [23/May/2006:14:57:40 +0200] "GET /intranet.css HTTP/1.1" 304 - "http://intranet/" "Mozilla/4.0 (compatible; MSIE 6.0; Windows NT 5.1; SV1)"
172.21.103.11 - - [23/May/2006:14:57:44 +0200] "POST /ocsinventory HTTP/1.1" 200 83 "-" "OCS-NG_windows_client_v4010"
172.21.103.11 - - [23/May/2006:14:57:45 +0200] "POST /ocsinventory HTTP/1.1" 200 88 "-" "OCS-NG_windows_client_v4010"
172.21.103.9 - - [23/May/2006:14:58:05 +0200] "POST /ocsinventory HTTP/1.1" 200 83 "-" "OCS-NG_windows_client_v4010"
172.21.103.9 - - [23/May/2006:14:58:05 +0200] "POST /ocsinventory HTTP/1.1" 200 88 "-" "OCS-NG_windows_client_v4010"
172.16.0.1 - - [23/May/2006:14:58:13 +0200] "GET /redirect/ HTTP/1.1" 302 - "-" "Mozilla/4.0 (compatible; MSIE 6.0; Windows NT 5.1; SV1)"
172.16.0.1 - - [23/May/2006:14:58:14 +0200] "GET /indus/code/sommaire/sommaire.php HTTP/1.1" 200 471 "http://lva93.ac-creteil.fr/indus/" "Mozilla/4.0 (compatible; MSIE 6.0; Windows NT 5.1; SV1)"
172.16.0.1 - - [23/May/2006:14:58:14 +0200] "GET /indus/code/accueil/accueil.php HTTP/1.1" 200 3135 "http://lva93.ac-creteil.fr/indus/" "Mozilla/4.0 (compatible; MSIE 6.0; Windows NT 5.1; SV1)"
172.21.10.13 - - [23/May/2006:14:59:53 +0200] "GET / HTTP/1.1" 200 2038 "-" "Mozilla/4.0 (compatible; MSIE 6.0; Windows NT 5.0; .NET CLR 1.1.4322)"
172.21.10.13 - - [23/May/2006:14:59:55 +0200] "GET /intranet.css HTTP/1.1" 304 - "http://intranet/" "Mozilla/4.0 (compatible; MSIE 6.0; Windows NT 5.0; .NET CLR 1.1.4322)"
172.19.10.39 - - [23/May/2006:15:00:20 +0200] "GET / HTTP/1.1" 200 2038 "-" "Mozilla/4.0 (compatible; MSIE 6.0; Windows NT 5.1; SV1)"
172.19.10.39 - - [23/May/2006:15:00:20 +0200] "GET /intranet.css HTTP/1.1" 304 - "http://intranet/" "Mozilla/4.0 (compatible; MSIE 6.0; Windows NT 5.1; SV1)"
172.19.10.39 - - [23/May/2006:15:00:20 +0200] "GET /images/ok.gif HTTP/1.1" 304 - "http://intranet/" "Mozilla/4.0 (compatible; MSIE 6.0; Windows NT 5.1; SV1)"
172.19.10.39 - - [23/May/2006:15:00:20 +0200] "GET /images/fond.jpg HTTP/1.1" 304 - "http://intranet/" "Mozilla/4.0 (compatible; MSIE 6.0; Windows NT 5.1; SV1)"
172.19.10.39 - - [23/May/2006:15:00:21 +0200] "GET /images/guill_rouge.png HTTP/1.1" 200 955 "http://intranet/" "Mozilla/4.0 (compatible; MSIE 6.0; Windows NT 5.1; SV1)"
172.16.0.1 - - [23/May/2006:15:00:40 +0200] "POST /ocsinventory HTTP/1.0" 200 83 "-" "OCS-NG_windows_client_v4010"
172.16.0.1 - - [23/May/2006:15:00:40 +0200] "POST /ocsinventory HTTP/1.0" 200 88 "-" "OCS-NG_windows_client_v4010"
172.16.0.1 - - [23/May/2006:15:03:32 +0200] "POST /ocsinventory HTTP/1.0" 200 83 "-" "OCS-NG_windows_client_v4010"
172.16.0.1 - - [23/May/2006:15:03:32 +0200] "POST /ocsinventory HTTP/1.0" 200 88 "-" "OCS-NG_windows_client_v4010"
172.17.10.5 - - [23/May/2006:15:08:42 +0200] "GET / HTTP/1.1" 200 2038 "-" "Mozilla/4.0 (compatible; MSIE 6.0; Windows NT 5.1; SV1)"
172.17.10.5 - - [23/May/2006:15:08:42 +0200] "GET /intranet.css HTTP/1.1" 200 4320 "http://intranet/" "Mozilla/4.0 (compatible; MSIE 6.0; Windows NT 5.1; SV1)"
172.17.10.5 - - [23/May/2006:15:08:42 +0200] "GET /images/ok.gif HTTP/1.1" 200 476 "http://intranet/" "Mozilla/4.0 (compatible; MSIE 6.0; Windows NT 5.1; SV1)"
172.17.10.5 - - [23/May/2006:15:08:42 +0200] "GET /images/fond.jpg HTTP/1.1" 200 51310 "http://intranet/" "Mozilla/4.0 (compatible; MSIE 6.0; Windows NT 5.1; SV1)"
172.21.10.37 - - [23/May/2006:15:11:12 +0200] "POST /ocsinventory HTTP/1.1" 200 83 "-" "OCS-NG_windows_client_v4010"
172.21.10.37 - - [23/May/2006:15:11:27 +0200] "POST /ocsinventory HTTP/1.1" 200 93 "-" "OCS-NG_windows_client_v4010"
172.21.10.37 - - [23/May/2006:15:11:27 +0200] "POST /ocsinventory HTTP/1.1" 200 88 "-" "OCS-NG_windows_client_v4010"
172.21.10.13 - - [23/May/2006:15:13:02 +0200] "GET / HTTP/1.1" 200 2038 "-" "Mozilla/4.0 (compatible; MSIE 6.0; Windows NT 5.0; .NET CLR 1.1.4322)"
172.21.10.13 - - [23/May/2006:15:13:05 +0200] "GET /intranet.css HTTP/1.1" 304 - "http://intranet/" "Mozilla/4.0 (compatible; MSIE 6.0; Windows NT 5.0; .NET CLR 1.1.4322)"
172.17.10.4 - - [23/May/2006:15:13:40 +0200] "GET / HTTP/1.1" 200 2038 "-" "Mozilla/4.0 (compatible; MSIE 6.0; Windows NT 5.1; SV1)"
172.17.10.4 - - [23/May/2006:15:13:40 +0200] "GET /intranet.css HTTP/1.1" 304 - "http://intranet/" "Mozilla/4.0 (compatible; MSIE 6.0; Windows NT 5.1; SV1)"
172.17.10.4 - - [23/May/2006:15:14:04 +0200] "GET / HTTP/1.1" 200 2038 "-" "Mozilla/4.0 (compatible; MSIE 6.0; Windows NT 5.1; SV1)"
172.17.10.4 - - [23/May/2006:15:14:19 +0200] "GET / HTTP/1.1" 200 2038 "-" "Mozilla/4.0 (compatible; MSIE 6.0; Windows NT 5.1; SV1)"
172.21.10.148 - - [23/May/2006:15:14:44 +0200] "POST /ocsinventory HTTP/1.1" 200 83 "-" "OCS-NG_windows_client_v4010"
172.21.10.148 - - [23/May/2006:15:14:44 +0200] "POST /ocsinventory HTTP/1.1" 200 88 "-" "OCS-NG_windows_client_v4010"
172.21.10.13 - - [23/May/2006:15:15:16 +0200] "GET / HTTP/1.1" 200 2038 "-" "Mozilla/4.0 (compatible; MSIE 6.0; Windows NT 5.0; .NET CLR 1.1.4322)"
172.21.10.13 - - [23/May/2006:15:15:17 +0200] "GET /intranet.css HTTP/1.1" 304 - "http://intranet/" "Mozilla/4.0 (compatible; MSIE 6.0; Windows NT 5.0; .NET CLR 1.1.4322)"
172.17.10.3 - - [23/May/2006:15:15:27 +0200] "GET / HTTP/1.1" 200 2038 "-" "Mozilla/4.0 (compatible; MSIE 6.0; Windows NT 5.1; SV1)"
172.17.10.3 - - [23/May/2006:15:15:27 +0200] "GET /intranet.css HTTP/1.1" 304 - "http://intranet/" "Mozilla/4.0 (compatible; MSIE 6.0; Windows NT 5.1; SV1)"
172.17.10.3 - - [23/May/2006:15:15:27 +0200] "GET /images/ok.gif HTTP/1.1" 304 - "http://intranet/" "Mozilla/4.0 (compatible; MSIE 6.0; Windows NT 5.1; SV1)"
172.17.10.3 - - [23/May/2006:15:15:27 +0200] "GET /images/fond.jpg HTTP/1.1" 304 - "http://intranet/" "Mozilla/4.0 (compatible; MSIE 6.0; Windows NT 5.1; SV1)"
172.21.104.5 - - [23/May/2006:15:15:56 +0200] "POST /ocsinventory HTTP/1.1" 200 83 "-" "OCS-NG_windows_client_v4010"
172.21.104.5 - - [23/May/2006:15:15:56 +0200] "POST /ocsinventory HTTP/1.1" 200 88 "-" "OCS-NG_windows_client_v4010"
172.17.10.3 - - [23/May/2006:15:23:11 +0200] "GET / HTTP/1.1" 200 2038 "-" "Mozilla/4.0 (compatible; MSIE 6.0; Windows NT 5.1; SV1)"
172.17.10.3 - - [23/May/2006:15:23:11 +0200] "GET /intranet.css HTTP/1.1" 304 - "http://intranet/" "Mozilla/4.0 (compatible; MSIE 6.0; Windows NT 5.1; SV1)"
172.17.10.3 - - [23/May/2006:15:23:11 +0200] "GET /images/ok.gif HTTP/1.1" 304 - "http://intranet/" "Mozilla/4.0 (compatible; MSIE 6.0; Windows NT 5.1; SV1)"
172.17.10.3 - - [23/May/2006:15:23:11 +0200] "GET /images/fond.jpg HTTP/1.1" 304 - "http://intranet/" "Mozilla/4.0 (compatible; MSIE 6.0; Windows NT 5.1; SV1)"
172.17.10.3 - - [23/May/2006:15:23:18 +0200] "GET /images/guill_rouge.png HTTP/1.1" 304 - "http://intranet/" "Mozilla/4.0 (compatible; MSIE 6.0; Windows NT 5.1; SV1)"
172.18.10.1 - - [23/May/2006:15:24:54 +0200] "POST /ocsreports/index.php HTTP/1.1" 200 4217 "http://172.16.0.2/ocsreports/index.php?multi=3&mode=1" "Mozilla/4.0 (compatible; MSIE 6.0; Windows NT 5.1; SV1)"
172.18.10.1 - - [23/May/2006:15:24:58 +0200] "POST /ocsreports/index.php?multi=1 HTTP/1.1" 200 21068 "http://172.16.0.2/ocsreports/index.php" "Mozilla/4.0 (compatible; MSIE 6.0; Windows NT 5.1; SV1)"
172.18.10.1 - - [23/May/2006:15:25:03 +0200] "GET /ocsreports/index.php?&multi=1&c=4&a=0&rev=1&page=1 HTTP/1.1" 200 21424 "http://172.16.0.2/ocsreports/index.php?multi=1" "Mozilla/4.0 (compatible; MSIE 6.0; Windows NT 5.1; SV1)"
172.18.10.1 - - [23/May/2006:15:25:07 +0200] "GET /ocsreports/index.php?&multi=1&c=4&a=0&rev=1&page=1 HTTP/1.1" 200 21478 "http://172.16.0.2/ocsreports/index.php?&multi=1&c=4&a=0&rev=1&page=1" "Mozilla/4.0 (compatible; MSIE 6.0; Windows NT 5.1; SV1)"
172.18.10.1 - - [23/May/2006:15:25:12 +0200] "GET /ocsreports/index.php?&multi=1&c=4&a=1&rev=1&page=1 HTTP/1.1" 200 21424 "http://172.16.0.2/ocsreports/index.php?&multi=1&c=4&a=0&rev=1&page=1" "Mozilla/4.0 (compatible; MSIE 6.0; Windows NT 5.1; SV1)"
172.18.10.1 - - [23/May/2006:15:25:25 +0200] "GET /ocsreports/index.php?&multi=1&c=4&a=0&page=1&page=-2 HTTP/1.1" 200 21722 "http://172.16.0.2/ocsreports/index.php?&multi=1&c=4&a=1&rev=1&page=1" "Mozilla/4.0 (compatible; MSIE 6.0; Windows NT 5.1; SV1)"
172.18.10.1 - - [23/May/2006:15:25:51 +0200] "GET /ocsreports/index.php?&multi=1&c=4&a=0&page=2&page=-2 HTTP/1.1" 200 8540 "http://172.16.0.2/ocsreports/index.php?&multi=1&c=4&a=0&page=1&page=-2" "Mozilla/4.0 (compatible; MSIE 6.0; Windows NT 5.1; SV1)"
172.18.10.1 - - [23/May/2006:15:25:54 +0200] "GET /ocsreports/index.php?&multi=1&c=4&a=0&page=3&page=-1 HTTP/1.1" 200 21722 "http://172.16.0.2/ocsreports/index.php?&multi=1&c=4&a=0&page=2&page=-2" "Mozilla/4.0 (compatible; MSIE 6.0; Windows NT 5.1; SV1)"
172.17.10.4 - - [23/May/2006:15:26:10 +0200] "GET / HTTP/1.1" 200 2038 "-" "Mozilla/4.0 (compatible; MSIE 6.0; Windows NT 5.1; SV1)"
172.17.10.4 - - [23/May/2006:15:26:10 +0200] "GET /intranet.css HTTP/1.1" 304 - "http://intranet/" "Mozilla/4.0 (compatible; MSIE 6.0; Windows NT 5.1; SV1)"
172.21.104.17 - - [23/May/2006:15:27:28 +0200] "POST /ocsinventory HTTP/1.1" 200 83 "-" "OCS-NG_windows_client_v4010"
172.21.104.17 - - [23/May/2006:15:27:28 +0200] "POST /ocsinventory HTTP/1.1" 200 88 "-" "OCS-NG_windows_client_v4010"
172.20.10.43 - - [23/May/2006:15:29:05 +0200] "GET / HTTP/1.1" 200 2038 "-" "Mozilla/4.0 (compatible; MSIE 6.0; Windows NT 5.1; SV1)"
172.20.10.43 - - [23/May/2006:15:29:05 +0200] "GET /intranet.css HTTP/1.1" 200 4320 "http://intranet/" "Mozilla/4.0 (compatible; MSIE 6.0; Windows NT 5.1; SV1)"
